{"id":257,"date":"2011-02-22T13:19:06","date_gmt":"2011-02-22T13:19:06","guid":{"rendered":"http:\/\/maestrazgoinformacion.wordpress.com\/?page_id=2"},"modified":"2020-02-28T13:15:20","modified_gmt":"2020-02-28T13:15:20","slug":"about","status":"publish","type":"page","link":"https:\/\/maestrazgo.org\/periodico\/about\/","title":{"rendered":"\u00bfQuienes somos?"},"content":{"rendered":"<p>Desde la Asociaci\u00f3n para el Desarrollo del Maestrazgo se pretende dar un servicio de calidad a la poblaci\u00f3n del Maestrazgo. Conscientes de la necesidad de incrementar los servicios de informaci\u00f3n a la poblaci\u00f3n, coordinamos desde la Asociaci\u00f3n el peri\u00f3dico bimensual comarcal &#8220;Maestrazgo Informaci\u00f3n&#8221;, con una tirada de 2.000 ejemplares.<\/p>\n<p>En coordinaci\u00f3n con la Comarca del Maestrazgo, el peri\u00f3dico contiene informaci\u00f3n puntual relacionada con las noticias de inter\u00e9s comarcal. Dividida en diferentes apartados tem\u00e1ticos &#8211; Actualidad Comarcal, Sociedad, Patrimonio, Turismo, Obras e Infraestructuras, Ganader\u00eda y agricultura, deportes y Agenda- dichos apartados se complementan en la contraportada con entrevistas personales a alguna personalidad ligada a la Comarca del Maestrazgo. Asimismo, en las p\u00e1ginas centrales el lector obtiene informaci\u00f3n sobre los proyectos espec\u00edficos que coordina la Asociaci\u00f3n, proyectos Leader subvencionados e informaci\u00f3n sobre las actividades ligadas a los programas de cooperaci\u00f3n y\u00a0al Centro Aragon\u00e9s de Informaci\u00f3n Rural Europea.<\/p>\n<p><strong>Edita: <\/strong>Asociaci\u00f3n para el Desarrollo del Maestrazgo. C\/ Pueyo 33 &#8211; 44556 Molinos (Teruel).<\/p>\n<p><strong>Maquetaci\u00f3n: <\/strong>Jorge Abril\u00a0 y Lorena Sales<\/p>\n<p><strong>Corresponsales y redacci\u00f3n: <\/strong>Cristina y Beatriz<\/p>\n<p><strong>Impresi\u00f3n: <\/strong>Imprenta Norte.<\/p>\n<p><strong>Publicidad y suscripciones: <\/strong>ADEMA <a href=\"mailto:periodico@maestrazgo.org\">periodico@maestrazgo.org<\/a><\/p>\n<p>Tel\u00e9fono 978 849 709 &#8211; Fax 978 849 714<\/p>\n","protected":false},"excerpt":{"rendered":"<p>Desde la Asociaci\u00f3n para el Desarrollo del Maestrazgo se pretende dar un servicio de calidad a la poblaci\u00f3n del Maestrazgo. Conscientes de la necesidad de incrementar los servicios de informaci\u00f3n a la poblaci\u00f3n, coordinamos desde la Asociaci\u00f3n el peri\u00f3dico bimensual comarcal &#8220;Maestrazgo Informaci\u00f3n&#8221;, con una tirada de 2.000 ejemplares. En\u2026<\/p>\n<p> <a class=\"continue-reading-link\" href=\"https:\/\/maestrazgo.org\/periodico\/about\/\"><span>Continue reading<\/span><i class=\"crycon-right-dir\"><\/i><\/a> <\/p>\n","protected":false},"author":3,"featured_media":0,"parent":0,"menu_order":0,"comment_status":"open","ping_status":"open","template":"templates\/template-onecolumn.php","meta":{"_monsterinsights_skip_tracking":false,"_monsterinsights_sitenote_active":false,"_monsterinsights_sitenote_note":"","_monsterinsights_sitenote_category":0,"footnotes":""},"_links":{"self":[{"href":"https:\/\/maestrazgo.org\/periodico\/wp-json\/wp\/v2\/pages\/257"}],"collection":[{"href":"https:\/\/maestrazgo.org\/periodico\/wp-json\/wp\/v2\/pages"}],"about":[{"href":"https:\/\/maestrazgo.org\/periodico\/wp-json\/wp\/v2\/types\/page"}],"author":[{"embeddable":true,"href":"https:\/\/maestrazgo.org\/periodico\/wp-json\/wp\/v2\/users\/3"}],"replies":[{"embeddable":true,"href":"https:\/\/maestrazgo.org\/periodico\/wp-json\/wp\/v2\/comments?post=257"}],"version-history":[{"count":3,"href":"https:\/\/maestrazgo.org\/periodico\/wp-json\/wp\/v2\/pages\/257\/revisions"}],"predecessor-version":[{"id":407,"href":"https:\/\/maestrazgo.org\/periodico\/wp-json\/wp\/v2\/pages\/257\/revisions\/407"}],"wp:attachment":[{"href":"https:\/\/maestrazgo.org\/periodico\/wp-json\/wp\/v2\/media?parent=257"}],"curies":[{"name":"wp","href":"https:\/\/api.w.org\/{rel}","templated":true}]}}