{"id":2432,"date":"2022-11-16T08:28:06","date_gmt":"2022-11-16T07:28:06","guid":{"rendered":"https:\/\/maestrazgo.org\/esdi\/?page_id=2432"},"modified":"2025-11-21T12:52:48","modified_gmt":"2025-11-21T11:52:48","slug":"custodia-del-territorio","status":"publish","type":"page","link":"https:\/\/maestrazgo.org\/esdi\/custodia-del-territorio\/","title":{"rendered":"Custodia del territorio"},"content":{"rendered":"<p>[vc_row css_animation=\u00bb\u00bb row_type=\u00bbrow\u00bb use_row_as_full_screen_section=\u00bbno\u00bb type=\u00bbgrid\u00bb angled_section=\u00bbno\u00bb text_align=\u00bbleft\u00bb background_image_as_pattern=\u00bbwithout_pattern\u00bb z_index=\u00bb\u00bb][vc_column][vc_empty_space height=\u00bb100px\u00bb][vc_row_inner row_type=\u00bbrow\u00bb type=\u00bbfull_width\u00bb text_align=\u00bbleft\u00bb css_animation=\u00bb\u00bb][vc_column_inner width=\u00bb1\/6&#8243;][\/vc_column_inner][vc_column_inner width=\u00bb2\/3&#8243;]<div class=\"custom_font_holder\" style=\" font-size: 22px; line-height: 26px; font-style: italic; font-weight: 400; text-decoration: none; text-align: center;\">ESDI Maestrazgo, a trav\u00e9s de ADEMA, es entidad de custodia del territorio desde el a\u00f1o 2009, y en 2014 fue entidad promotora de la creaci\u00f3n de la Red Aragonesa de Custodia del Territorio.<\/div>[\/vc_column_inner][vc_column_inner width=\u00bb1\/6&#8243;][\/vc_column_inner][\/vc_row_inner][vc_empty_space height=\u00bb50px\u00bb][\/vc_column][\/vc_row][vc_row css_animation=\u00bb\u00bb row_type=\u00bbrow\u00bb use_row_as_full_screen_section=\u00bbno\u00bb type=\u00bbgrid\u00bb angled_section=\u00bbno\u00bb text_align=\u00bbleft\u00bb background_image_as_pattern=\u00bbwithout_pattern\u00bb z_index=\u00bb\u00bb el_id=\u00bbback-right\u00bb css=\u00bb.vc_custom_1668590883980{background-image: url(https:\/\/maestrazgo.org\/esdi\/wp-content\/uploads\/2022\/11\/rec2.jpg?id=2443) !important;background-position: center !important;background-repeat: no-repeat !important;background-size: contain !important;}\u00bb][vc_column offset=\u00bbvc_hidden-sm vc_hidden-xs\u00bb][vc_empty_space height=\u00bb100px\u00bb][vc_row_inner row_type=\u00bbrow\u00bb type=\u00bbfull_width\u00bb text_align=\u00bbleft\u00bb css_animation=\u00bbelement_from_left\u00bb el_id=\u00bbque-es\u00bb][vc_column_inner width=\u00bb1\/3&#8243;][vc_single_image image=\u00bb2434&#8243; img_size=\u00bbfull\u00bb qode_css_animation=\u00bb\u00bb][\/vc_column_inner][vc_column_inner width=\u00bb2\/3&#8243; css=\u00bb.vc_custom_1668584914244{padding: 30px !important;background-color: #ffffff !important;}\u00bb][vc_empty_space][vc_column_text]<\/p>\n<h2><span style=\"color: #0091c5;\">\u00bfQu\u00e9 es?<\/span><\/h2>\n<p>La custodia del territorio es un conjunto de estrategias e instrumentos que pretenden implicar a los propietarios y usuarios del territorio en la conservaci\u00f3n y el buen uso de los valores y los recursos naturales, culturales y paisaj\u00edsticos de lugares concretos.<\/p>\n<p>La custodia del territorio parte de la premisa de que conservar la naturaleza y el paisaje no es una responsabilidad que recae s\u00f3lo sobre las administraciones p\u00fablicas, sino que la ciudadan\u00eda, la sociedad civil y las empresas privadas tambi\u00e9n pueden y han de contribuir. Por eso, a diferencia de otros instrumentos y estrategias con un objetivo similar, como por ejemplo la protecci\u00f3n legal de un espacio natural o la clasificaci\u00f3n de un terreno como no urbanizable, la custodia del territorio requiere la implicaci\u00f3n directa y activa de la sociedad civil organizada, de la ciudadan\u00eda y de aquellas personas que son propietarias -o usuarias- de terrenos con un inter\u00e9s especial para la fauna, la flora o los paisajes que acogen.[\/vc_column_text][vc_empty_space][\/vc_column_inner][\/vc_row_inner][vc_empty_space height=\u00bb100px\u00bb][\/vc_column][\/vc_row][vc_row css_animation=\u00bb\u00bb row_type=\u00bbrow\u00bb use_row_as_full_screen_section=\u00bbno\u00bb type=\u00bbgrid\u00bb angled_section=\u00bbno\u00bb text_align=\u00bbleft\u00bb background_image_as_pattern=\u00bbwithout_pattern\u00bb z_index=\u00bb\u00bb css=\u00bb.vc_custom_1679981251790{background-position: center !important;background-repeat: no-repeat !important;background-size: contain !important;}\u00bb][vc_column offset=\u00bbvc_hidden-lg vc_hidden-md\u00bb][vc_empty_space height=\u00bb100px\u00bb][vc_row_inner row_type=\u00bbrow\u00bb type=\u00bbfull_width\u00bb text_align=\u00bbleft\u00bb css_animation=\u00bbelement_from_left\u00bb][vc_column_inner][vc_single_image image=\u00bb2434&#8243; img_size=\u00bbfull\u00bb qode_css_animation=\u00bb\u00bb][vc_empty_space][vc_column_text]<\/p>\n<h2><span style=\"color: #0091c5;\">\u00bfQu\u00e9 es?<\/span><\/h2>\n<p>La custodia del territorio es un conjunto de estrategias e instrumentos que pretenden implicar a los propietarios y usuarios del territorio en la conservaci\u00f3n y el buen uso de los valores y los recursos naturales, culturales y paisaj\u00edsticos de lugares concretos.<\/p>\n<p>La custodia del territorio parte de la premisa de que conservar la naturaleza y el paisaje no es una responsabilidad que recae s\u00f3lo sobre las administraciones p\u00fablicas, sino que la ciudadan\u00eda, la sociedad civil y las empresas privadas tambi\u00e9n pueden y han de contribuir. Por eso, a diferencia de otros instrumentos y estrategias con un objetivo similar, como por ejemplo la protecci\u00f3n legal de un espacio natural o la clasificaci\u00f3n de un terreno como no urbanizable, la custodia del territorio requiere la implicaci\u00f3n directa y activa de la sociedad civil organizada, de la ciudadan\u00eda y de aquellas personas que son propietarias -o usuarias- de terrenos con un inter\u00e9s especial para la fauna, la flora o los paisajes que acogen.[\/vc_column_text][vc_empty_space][\/vc_column_inner][\/vc_row_inner][vc_empty_space height=\u00bb100px\u00bb][\/vc_column][\/vc_row][vc_row css_animation=\u00bb\u00bb row_type=\u00bbrow\u00bb use_row_as_full_screen_section=\u00bbno\u00bb type=\u00bbfull_width\u00bb angled_section=\u00bbno\u00bb text_align=\u00bbleft\u00bb background_image_as_pattern=\u00bbwithout_pattern\u00bb][vc_column][vc_empty_space height=\u00bb62px\u00bb][\/vc_column][\/vc_row][vc_row row_type=\u00bbparallax\u00bb parallax_content_width=\u00bbin_grid\u00bb text_align=\u00bbcenter\u00bb full_screen_section_height=\u00bbno\u00bb background_image=\u00bb2507&#8243; el_class=\u00bbocultar-div\u00bb][vc_column offset=\u00bbvc_hidden-sm vc_hidden-xs\u00bb][vc_empty_space height=\u00bb80px\u00bb][vc_column_text]<\/p>\n<h3 style=\"text-align: center;\"><span style=\"color: #ffffff;\">Conoce en profundidad la Custodia del Territorio y mantente al d\u00eda de las \u00faltimas noticias, en la web oficial del Gobierno de Espa\u00f1a.<\/span><\/h3>\n<p>[\/vc_column_text][vc_empty_space height=\u00bb60px\u00bb]<a  itemprop=\"url\" href=\"https:\/\/www.custodia-territorio.es\/\" target=\"_blank\"  class=\"qbutton  default\" style=\"\">Plataforma custodia del territorio<\/a>[vc_empty_space height=\u00bb100px\u00bb][\/vc_column][\/vc_row][vc_row row_type=\u00bbparallax\u00bb parallax_content_width=\u00bbin_grid\u00bb text_align=\u00bbcenter\u00bb full_screen_section_height=\u00bbno\u00bb background_image=\u00bb2507&#8243;][vc_column offset=\u00bbvc_hidden-lg vc_hidden-md\u00bb][vc_empty_space height=\u00bb80px\u00bb][vc_column_text]<\/p>\n<h3 style=\"text-align: center;\"><span style=\"color: #ffffff;\">Conoce en profundidad la Custodia del Territorio y mantente al d\u00eda de las \u00faltimas noticias, en la web oficial del Gobierno de Espa\u00f1a.<\/span><\/h3>\n<p>[\/vc_column_text][vc_empty_space height=\u00bb60px\u00bb]<a  itemprop=\"url\" href=\"https:\/\/www.custodia-territorio.es\/\" target=\"_blank\"  class=\"qbutton  small default\" style=\"\">Plataforma custodia del territorio<\/a>[vc_empty_space height=\u00bb100px\u00bb][\/vc_column][\/vc_row][vc_row css_animation=\u00bb\u00bb row_type=\u00bbrow\u00bb use_row_as_full_screen_section=\u00bbno\u00bb type=\u00bbgrid\u00bb angled_section=\u00bbno\u00bb text_align=\u00bbcenter\u00bb background_image_as_pattern=\u00bbwithout_pattern\u00bb z_index=\u00bb\u00bb el_id=\u00bbgestion\u00bb][vc_column width=\u00bb1\/2&#8243;][vc_empty_space height=\u00bb100px\u00bb][vc_column_text]<\/p>\n<h2 style=\"text-align: left;\"><span style=\"color: #0091c5;\">\u00bfC\u00f3mo se gestiona?<\/span><\/h2>\n<p style=\"text-align: left;\">Los mecanismos que utiliza la custodia del territorio son muy variados y van desde la sensibilizaci\u00f3n y las actividades de educaci\u00f3n y voluntariado para la gesti\u00f3n responsable, a acuerdos voluntarios de custodia.<\/p>\n<p style=\"text-align: left;\">Un Acuerdo de Custodia es un <strong>procedimiento voluntario entre un propietario y una entidad de custodia para pactar el modo de conservar y gestionar un territorio<\/strong>. El pacto puede ser verbal o escrito y con o sin transmisi\u00f3n de la gesti\u00f3n.<\/p>\n<p style=\"text-align: left;\">Las\u00a0<strong>entidades de custodia<\/strong>\u00a0son organizaciones p\u00fablicas o privadas sin \u00e1nimo de lucro que participan activamente en la conservaci\u00f3n del territorio mediante las t\u00e9cnicas de custodia del territorio. Pueden actuar de entidad de custodia organizaciones tan diversas como una asociaci\u00f3n de vecinos, una organizaci\u00f3n conservacionista, una fundaci\u00f3n, un ayuntamiento, un consorcio y otro tipo de ente p\u00fablico<\/p>\n<p>[\/vc_column_text][vc_empty_space height=\u00bb50px\u00bb][vc_empty_space height=\u00bb100px\u00bb][\/vc_column][vc_column width=\u00bb1\/2&#8243; css=\u00bb.vc_custom_1679981432922{padding-left: 15% !important;}\u00bb offset=\u00bbvc_hidden-sm vc_hidden-xs\u00bb][vc_empty_space height=\u00bb120px\u00bb][vc_single_image image=\u00bb2505&#8243; img_size=\u00bbfull\u00bb alignment=\u00bbcenter\u00bb qode_css_animation=\u00bb\u00bb][\/vc_column][\/vc_row][vc_row css_animation=\u00bbelement_from_bottom\u00bb row_type=\u00bbrow\u00bb use_row_as_full_screen_section=\u00bbno\u00bb type=\u00bbgrid\u00bb angled_section=\u00bbno\u00bb text_align=\u00bbleft\u00bb background_image_as_pattern=\u00bbwithout_pattern\u00bb css=\u00bb.vc_custom_1669274588979{background: #f1f1f1 url(https:\/\/maestrazgo.org\/esdi\/wp-content\/uploads\/2022\/11\/lineas-nivel2.png?id=2438) !important;background-position: center !important;background-repeat: no-repeat !important;background-size: cover !important;}\u00bb z_index=\u00bb\u00bb el_id=\u00bbquien-gestiona\u00bb][vc_column offset=\u00bbvc_hidden-sm vc_hidden-xs\u00bb][vc_empty_space height=\u00bb100px\u00bb][vc_column_text]<\/p>\n<h2><span style=\"color: #0091c5;\">\u00bfQui\u00e9n lo gestiona?<\/span><\/h2>\n<p>La custodia del territorio se suele gestionar a trav\u00e9s de Entidades de Custodia. Se trata de <strong>organizaciones sin \u00e1nimo de lucro<\/strong>, p\u00fablicas o privadas, que se dedican exclusiva o parcialmente a conservar la naturaleza, el paisaje y el patrimonio cultural.<\/p>\n<p>Desde 2009, ESDI Maestrazgo, a trav\u00e9s de ADEMA, es miembro de la Red Estatal de Entidades de Custodia, acreditada por el Ministerio de Medio Ambiente.[\/vc_column_text][vc_empty_space][vc_column_text]<\/p>\n<h3 style=\"text-align: center;\">Objetivo<\/h3>\n<p>[\/vc_column_text][vc_empty_space][qode_elements_holder number_of_columns=\u00bbone_column\u00bb custom_class=\u00bbborde-azul\u00bb][qode_elements_holder_item vertical_alignment=\u00bbmiddle\u00bb horizontal_alignment=\u00bbcenter\u00bb advanced_animations=\u00bbno\u00bb item_padding=\u00bb30px\u00bb background_color=\u00bb#ffffff\u00bb][vc_column_text]<\/p>\n<p style=\"text-align: center;\"><strong>1. Cooperar<\/strong><\/p>\n<p style=\"text-align: center;\">\u00b7 Contribuir a la protecci\u00f3n de los valores naturales, culturales y del paisaje del Maestrazgo.<br \/>\n\u00b7 Promover pr\u00e1cticas de buen uso y conservaci\u00f3n de los recursos naturales.<br \/>\n\u00b7 Dar apoyo a los propietarios y gestores del territorio en la planificaci\u00f3n, la protecci\u00f3n y la gesti\u00f3n.<\/p>\n<p>[\/vc_column_text][\/qode_elements_holder_item][qode_elements_holder_item vertical_alignment=\u00bbmiddle\u00bb horizontal_alignment=\u00bbcenter\u00bb advanced_animations=\u00bbno\u00bb item_padding=\u00bb30px\u00bb background_color=\u00bbrgba(0,145,193,0.08)\u00bb][vc_column_text]<\/p>\n<p style=\"text-align: center;\"><strong>2. Defender<\/strong><\/p>\n<p style=\"text-align: center;\">Asegurar desde la entidad y con plena autonom\u00eda una protecci\u00f3n jur\u00eddica del paisaje, para el inter\u00e9s social com\u00fan y de las generaciones futuras, en acuerdo con los propietarios y usuarios del territorio.<\/p>\n<p>[\/vc_column_text][\/qode_elements_holder_item][qode_elements_holder_item vertical_alignment=\u00bbmiddle\u00bb horizontal_alignment=\u00bbcenter\u00bb advanced_animations=\u00bbno\u00bb item_padding=\u00bb30px\u00bb background_color=\u00bb#ffffff\u00bb][vc_column_text]<\/p>\n<p style=\"text-align: center;\"><strong>3. Progresi\u00f3n<\/strong><\/p>\n<p style=\"text-align: center;\">Proporcionar oportunidades sociales, culturales, educativas y de ocio, adecuadas a la capacidad de la comarca dentro de un marco de sostenibilidad que permita la conservaci\u00f3n del territorio.<\/p>\n<p>[\/vc_column_text][\/qode_elements_holder_item][\/qode_elements_holder][vc_empty_space height=\u00bb50px\u00bb][vc_column_text]<\/p>\n<h3 style=\"text-align: center;\">\u00c1reas de trabajo<\/h3>\n<p>[\/vc_column_text][vc_empty_space][qode_elements_holder number_of_columns=\u00bbone_column\u00bb custom_class=\u00bbborde-azul\u00bb][qode_elements_holder_item vertical_alignment=\u00bbmiddle\u00bb horizontal_alignment=\u00bbcenter\u00bb advanced_animations=\u00bbno\u00bb item_padding=\u00bb30px\u00bb background_color=\u00bb#ffffff\u00bb][vc_column_text]<\/p>\n<p style=\"text-align: center;\"><strong>Custodia agraria y ganadera<\/strong><\/p>\n<p>[\/vc_column_text][\/qode_elements_holder_item][qode_elements_holder_item vertical_alignment=\u00bbmiddle\u00bb horizontal_alignment=\u00bbcenter\u00bb advanced_animations=\u00bbno\u00bb item_padding=\u00bb30px\u00bb background_color=\u00bbrgba(0,145,193,0.08)\u00bb][vc_column_text]<\/p>\n<p style=\"text-align: center;\"><strong>Custodia fluvial<\/strong><\/p>\n<p>[\/vc_column_text][\/qode_elements_holder_item][qode_elements_holder_item vertical_alignment=\u00bbmiddle\u00bb horizontal_alignment=\u00bbcenter\u00bb advanced_animations=\u00bbno\u00bb item_padding=\u00bb30px\u00bb background_color=\u00bb#ffffff\u00bb][vc_column_text]<\/p>\n<p style=\"text-align: center;\"><strong>Custodia forestal<\/strong><\/p>\n<p>[\/vc_column_text][\/qode_elements_holder_item][qode_elements_holder_item vertical_alignment=\u00bbmiddle\u00bb horizontal_alignment=\u00bbcenter\u00bb advanced_animations=\u00bbno\u00bb item_padding=\u00bb30px\u00bb background_color=\u00bbrgba(0,145,193,0.08)\u00bb][vc_column_text]<\/p>\n<p style=\"text-align: center;\"><strong>Voluntariado ambiental y crowfunding<\/strong><\/p>\n<p>[\/vc_column_text][\/qode_elements_holder_item][qode_elements_holder_item vertical_alignment=\u00bbmiddle\u00bb horizontal_alignment=\u00bbcenter\u00bb advanced_animations=\u00bbno\u00bb item_padding=\u00bb30px\u00bb background_color=\u00bb#ffffff\u00bb][vc_column_text]<\/p>\n<p style=\"text-align: center;\"><strong>Custodia en espacios naturales protegidos<\/strong><\/p>\n<p>[\/vc_column_text][\/qode_elements_holder_item][\/qode_elements_holder][vc_empty_space height=\u00bb100px\u00bb][\/vc_column][\/vc_row][vc_row css_animation=\u00bbelement_from_bottom\u00bb row_type=\u00bbrow\u00bb use_row_as_full_screen_section=\u00bbno\u00bb type=\u00bbgrid\u00bb angled_section=\u00bbno\u00bb text_align=\u00bbleft\u00bb background_image_as_pattern=\u00bbwithout_pattern\u00bb css=\u00bb.vc_custom_1669274588979{background: #f1f1f1 url(https:\/\/maestrazgo.org\/esdi\/wp-content\/uploads\/2022\/11\/lineas-nivel2.png?id=2438) !important;background-position: center !important;background-repeat: no-repeat !important;background-size: cover !important;}\u00bb z_index=\u00bb\u00bb][vc_column offset=\u00bbvc_hidden-lg vc_hidden-md\u00bb][vc_empty_space height=\u00bb100px\u00bb][vc_column_text]<\/p>\n<h2><span style=\"color: #0091c5;\">\u00bfQui\u00e9n lo gestiona?<\/span><\/h2>\n<p>La custodia del territorio se suele gestionar a trav\u00e9s de Entidades de Custodia. Se trata de <strong>organizaciones sin \u00e1nimo de lucro<\/strong>, p\u00fablicas o privadas, que se dedican exclusiva o parcialmente a conservar la naturaleza, el paisaje y el patrimonio cultural.<\/p>\n<p>Desde 2009, ESDI Maestrazgo, a trav\u00e9s de ADEMA, es miembro de la Red Estatal de Entidades de Custodia, acreditada por el Ministerio de Medio Ambiente.[\/vc_column_text][vc_empty_space height=\u00bb52px\u00bb][vc_column_text]<\/p>\n<h3 style=\"text-align: center;\">Objetivo<\/h3>\n<p>[\/vc_column_text][vc_empty_space][vc_row_inner row_type=\u00bbrow\u00bb type=\u00bbfull_width\u00bb text_align=\u00bbleft\u00bb css_animation=\u00bb\u00bb css=\u00bb.vc_custom_1679982552435{background-color: rgba(255,255,255,0.4) !important;*background-color: rgb(255,255,255) !important;}\u00bb][vc_column_inner][vc_empty_space height=\u00bb22px\u00bb][vc_column_text]<\/p>\n<p style=\"text-align: center;\"><strong>1. Cooperar<\/strong><\/p>\n<p style=\"text-align: center;\">\u00b7 Contribuir a la protecci\u00f3n de los valores naturales, culturales y del paisaje del Maestrazgo.<br \/>\n\u00b7 Promover pr\u00e1cticas de buen uso y conservaci\u00f3n de los recursos naturales.<br \/>\n\u00b7 Dar apoyo a los propietarios y gestores del territorio en la planificaci\u00f3n, la protecci\u00f3n y la gesti\u00f3n.<\/p>\n<p>[\/vc_column_text][vc_empty_space][\/vc_column_inner][\/vc_row_inner][vc_row_inner row_type=\u00bbrow\u00bb type=\u00bbfull_width\u00bb text_align=\u00bbleft\u00bb css_animation=\u00bb\u00bb css=\u00bb.vc_custom_1679982726555{background-color: rgba(4,141,193,0.19) !important;*background-color: rgb(4,141,193) !important;}\u00bb][vc_column_inner][vc_empty_space height=\u00bb22px\u00bb][vc_column_text]<\/p>\n<p style=\"text-align: center;\"><strong>2. Defender<\/strong><\/p>\n<p style=\"text-align: center;\">Asegurar desde la entidad y con plena autonom\u00eda una protecci\u00f3n jur\u00eddica del paisaje, para el inter\u00e9s social com\u00fan y de las generaciones futuras, en acuerdo con los propietarios y usuarios del territorio.<\/p>\n<p>[\/vc_column_text][vc_empty_space][\/vc_column_inner][\/vc_row_inner][vc_row_inner row_type=\u00bbrow\u00bb type=\u00bbfull_width\u00bb text_align=\u00bbleft\u00bb css_animation=\u00bb\u00bb css=\u00bb.vc_custom_1679982562883{background-color: rgba(255,255,255,0.4) !important;*background-color: rgb(255,255,255) !important;}\u00bb][vc_column_inner][vc_empty_space height=\u00bb22px\u00bb][vc_column_text]<\/p>\n<p style=\"text-align: center;\"><strong>3. Progresi\u00f3n<\/strong><\/p>\n<p style=\"text-align: center;\">Proporcionar oportunidades sociales, culturales, educativas y de ocio, adecuadas a la capacidad de la comarca dentro de un marco de sostenibilidad que permita la conservaci\u00f3n del territorio.<\/p>\n<p>[\/vc_column_text][vc_empty_space][\/vc_column_inner][\/vc_row_inner][vc_empty_space height=\u00bb70px\u00bb][vc_column_text]<\/p>\n<h3 style=\"text-align: center;\">\u00c1reas de trabajo<\/h3>\n<p>[\/vc_column_text][vc_empty_space][vc_row_inner row_type=\u00bbrow\u00bb type=\u00bbfull_width\u00bb text_align=\u00bbleft\u00bb css_animation=\u00bb\u00bb css=\u00bb.vc_custom_1679982562883{background-color: rgba(255,255,255,0.4) !important;*background-color: rgb(255,255,255) !important;}\u00bb][vc_column_inner][vc_empty_space height=\u00bb22px\u00bb][vc_column_text]<\/p>\n<p style=\"text-align: center;\"><strong>Custodia agraria y ganadera<\/strong><\/p>\n<p>[\/vc_column_text][vc_empty_space][\/vc_column_inner][\/vc_row_inner][vc_row_inner row_type=\u00bbrow\u00bb type=\u00bbfull_width\u00bb text_align=\u00bbleft\u00bb css_animation=\u00bb\u00bb css=\u00bb.vc_custom_1679982726555{background-color: rgba(4,141,193,0.19) !important;*background-color: rgb(4,141,193) !important;}\u00bb][vc_column_inner][vc_empty_space height=\u00bb22px\u00bb][vc_column_text]<\/p>\n<p style=\"text-align: center;\"><strong>Custodia fluvial<\/strong><\/p>\n<p>[\/vc_column_text][vc_empty_space][\/vc_column_inner][\/vc_row_inner][vc_row_inner row_type=\u00bbrow\u00bb type=\u00bbfull_width\u00bb text_align=\u00bbleft\u00bb css_animation=\u00bb\u00bb css=\u00bb.vc_custom_1679982562883{background-color: rgba(255,255,255,0.4) !important;*background-color: rgb(255,255,255) !important;}\u00bb][vc_column_inner][vc_empty_space height=\u00bb22px\u00bb][vc_column_text]<\/p>\n<p style=\"text-align: center;\"><strong>Voluntariado ambiental y crowfunding<\/strong><\/p>\n<p>[\/vc_column_text][vc_empty_space][\/vc_column_inner][\/vc_row_inner][vc_row_inner row_type=\u00bbrow\u00bb type=\u00bbfull_width\u00bb text_align=\u00bbleft\u00bb css_animation=\u00bb\u00bb css=\u00bb.vc_custom_1679982726555{background-color: rgba(4,141,193,0.19) !important;*background-color: rgb(4,141,193) !important;}\u00bb][vc_column_inner][vc_empty_space height=\u00bb22px\u00bb][vc_column_text]<\/p>\n<p style=\"text-align: center;\"><strong>Custodia forestal<\/strong><\/p>\n<p>[\/vc_column_text][vc_empty_space][\/vc_column_inner][\/vc_row_inner][vc_row_inner row_type=\u00bbrow\u00bb type=\u00bbfull_width\u00bb text_align=\u00bbleft\u00bb css_animation=\u00bb\u00bb css=\u00bb.vc_custom_1679982562883{background-color: rgba(255,255,255,0.4) !important;*background-color: rgb(255,255,255) !important;}\u00bb][vc_column_inner][vc_empty_space height=\u00bb22px\u00bb][vc_column_text]<\/p>\n<p style=\"text-align: center;\"><strong>Custodia en espacios naturales protegidos<\/strong><\/p>\n<p>[\/vc_column_text][vc_empty_space][\/vc_column_inner][\/vc_row_inner][vc_empty_space height=\u00bb100px\u00bb][\/vc_column][\/vc_row][vc_row css_animation=\u00bb\u00bb row_type=\u00bbrow\u00bb use_row_as_full_screen_section=\u00bbno\u00bb type=\u00bbfull_width\u00bb angled_section=\u00bbno\u00bb text_align=\u00bbleft\u00bb background_image_as_pattern=\u00bbwithout_pattern\u00bb][vc_column][\/vc_column][\/vc_row]<\/p>\n<p>&nbsp;<\/p>\n<p><a href=\"https:\/\/maestrazgo.org\/esdi\/wp-content\/uploads\/2025\/11\/Cartel-informativo-Molino-de-las-Truchas-Mosqueruela_QR.pdf\">Cartel informativo Molino de las Truchas Mosqueruela_QR<\/a><\/p>\n","protected":false},"excerpt":{"rendered":"<p>[vc_row css_animation=\u00bb\u00bb row_type=\u00bbrow\u00bb use_row_as_full_screen_section=\u00bbno\u00bb type=\u00bbgrid\u00bb angled_section=\u00bbno\u00bb text_align=\u00bbleft\u00bb background_image_as_pattern=\u00bbwithout_pattern\u00bb z_index=\u00bb\u00bb][vc_column][vc_empty_space height=\u00bb100px\u00bb][vc_row_inner row_type=\u00bbrow\u00bb type=\u00bbfull_width\u00bb text_align=\u00bbleft\u00bb css_animation=\u00bb\u00bb][vc_column_inner width=\u00bb1\/6&#8243;][\/vc_column_inner][vc_column_inner width=\u00bb2\/3&#8243;][\/vc_column_inner][vc_column_inner width=\u00bb1\/6&#8243;][\/vc_column_inner][\/vc_row_inner][vc_empty_space height=\u00bb50px\u00bb][\/vc_column][\/vc_row][vc_row css_animation=\u00bb\u00bb row_type=\u00bbrow\u00bb use_row_as_full_screen_section=\u00bbno\u00bb type=\u00bbgrid\u00bb angled_section=\u00bbno\u00bb text_align=\u00bbleft\u00bb background_image_as_pattern=\u00bbwithout_pattern\u00bb z_index=\u00bb\u00bb el_id=\u00bbback-right\u00bb css=\u00bb.vc_custom_1668590883980{background-image: url(https:\/\/maestrazgo.org\/esdi\/wp-content\/uploads\/2022\/11\/rec2.jpg?id=2443) !important;background-position: center !important;background-repeat: no-repeat !important;background-size: contain !important;}\u00bb][vc_column offset=\u00bbvc_hidden-sm vc_hidden-xs\u00bb][vc_empty_space height=\u00bb100px\u00bb][vc_row_inner row_type=\u00bbrow\u00bb type=\u00bbfull_width\u00bb text_align=\u00bbleft\u00bb css_animation=\u00bbelement_from_left\u00bb el_id=\u00bbque-es\u00bb][vc_column_inner width=\u00bb1\/3&#8243;][vc_single_image&#8230;<\/p>\n","protected":false},"author":1,"featured_media":0,"parent":0,"menu_order":0,"comment_status":"closed","ping_status":"closed","template":"full_width.php","meta":{"footnotes":""},"class_list":["post-2432","page","type-page","status-publish","hentry"],"_links":{"self":[{"href":"https:\/\/maestrazgo.org\/esdi\/wp-json\/wp\/v2\/pages\/2432","targetHints":{"allow":["GET"]}}],"collection":[{"href":"https:\/\/maestrazgo.org\/esdi\/wp-json\/wp\/v2\/pages"}],"about":[{"href":"https:\/\/maestrazgo.org\/esdi\/wp-json\/wp\/v2\/types\/page"}],"author":[{"embeddable":true,"href":"https:\/\/maestrazgo.org\/esdi\/wp-json\/wp\/v2\/users\/1"}],"replies":[{"embeddable":true,"href":"https:\/\/maestrazgo.org\/esdi\/wp-json\/wp\/v2\/comments?post=2432"}],"version-history":[{"count":22,"href":"https:\/\/maestrazgo.org\/esdi\/wp-json\/wp\/v2\/pages\/2432\/revisions"}],"predecessor-version":[{"id":2844,"href":"https:\/\/maestrazgo.org\/esdi\/wp-json\/wp\/v2\/pages\/2432\/revisions\/2844"}],"wp:attachment":[{"href":"https:\/\/maestrazgo.org\/esdi\/wp-json\/wp\/v2\/media?parent=2432"}],"curies":[{"name":"wp","href":"https:\/\/api.w.org\/{rel}","templated":true}]}}