{"id":2154,"date":"2022-11-03T12:51:25","date_gmt":"2022-11-03T11:51:25","guid":{"rendered":"https:\/\/maestrazgo.org\/esdi\/?page_id=2154"},"modified":"2023-03-28T08:34:18","modified_gmt":"2023-03-28T06:34:18","slug":"nuestro-proyecto","status":"publish","type":"page","link":"https:\/\/maestrazgo.org\/esdi\/esdi-maestrazgo\/nuestro-proyecto\/","title":{"rendered":"Nuestro Proyecto"},"content":{"rendered":"<p>[vc_row css_animation=\u00bb\u00bb row_type=\u00bbrow\u00bb use_row_as_full_screen_section=\u00bbno\u00bb type=\u00bbgrid\u00bb angled_section=\u00bbno\u00bb text_align=\u00bbleft\u00bb background_image_as_pattern=\u00bbwithout_pattern\u00bb z_index=\u00bb\u00bb][vc_column][vc_empty_space height=\u00bb100px\u00bb][vc_row_inner row_type=\u00bbrow\u00bb type=\u00bbfull_width\u00bb text_align=\u00bbleft\u00bb css_animation=\u00bb\u00bb][vc_column_inner width=\u00bb1\/6&#8243;][\/vc_column_inner][vc_column_inner width=\u00bb2\/3&#8243;]<div class=\"custom_font_holder\" style=\" font-size: 22px; line-height: 26px; font-style: italic; font-weight: 400; text-decoration: none; text-align: center;\">A pesar de que el Maestrazgo es un territorio lleno de oportunidades y recursos, la realidad es que tiene que hacer frente a importantes problemas estructurales como el envejecimiento, la despoblaci\u00f3n o la ausencia de inversiones.<\/div>[\/vc_column_inner][vc_column_inner width=\u00bb1\/6&#8243;][\/vc_column_inner][\/vc_row_inner][vc_empty_space height=\u00bb50px\u00bb][vc_row_inner row_type=\u00bbrow\u00bb type=\u00bbfull_width\u00bb text_align=\u00bbleft\u00bb css_animation=\u00bb\u00bb css=\u00bb.vc_custom_1667996311508{border-left-width: 2px !important;border-left-color: #0091c5 !important;}\u00bb][vc_column_inner width=\u00bb2\/3&#8243; css=\u00bb.vc_custom_1679915298343{border-right-width: 2px !important;border-right-color: #0091c5 !important;border-right-style: solid !important;}\u00bb offset=\u00bbvc_hidden-sm vc_hidden-xs\u00bb]<div class=\"qode_video_box\">\n\t<a itemprop=\"image\" class=\"qode_video_image\" href=\"https:\/\/www.youtube.com\/watch?v=nJ9-xRjGmX8\" data-rel=\"prettyPhoto\">\n\t\t\t\n\t\t\t<img decoding=\"async\" src=\"https:\/\/maestrazgo.org\/esdi\/wp-content\/uploads\/2022\/11\/VIDEO.jpg\" \/>\n\t\t\t<span class=\"qode_video_box_button_holder\">\n\t\t\t\t<span class=\"qode_video_box_button\">\n\t\t\t\t\t<span class=\"qode_video_box_button_arrow\">\n\t\t\t\t\t<\/span>\n\t\t\t\t<\/span>\n\t\t\t<\/span>\n\t\t\t<\/a>\n<\/div>[vc_empty_space height=\u00bb35px\u00bb][\/vc_column_inner][vc_column_inner width=\u00bb1\/3&#8243; css=\u00bb.vc_custom_1679915305383{padding-left: 50px !important;}\u00bb offset=\u00bbvc_hidden-sm vc_hidden-xs\u00bb][vc_empty_space height=\u00bb100px\u00bb][vc_column_text]Conscientes de la necesidad de abordar la soluci\u00f3n a estos problemas de una manera distinta a partir de los recursos del territorio, desde ADEMA se plante\u00f3 la necesidad de crear un espacio que sirviera como lugar de encuentro de todas aquellas personas, agentes sociales y empresas del Maestrazgo con alguna idea, proyecto o iniciativa innovadora.[\/vc_column_text][\/vc_column_inner][\/vc_row_inner][vc_row_inner row_type=\u00bbrow\u00bb type=\u00bbfull_width\u00bb text_align=\u00bbleft\u00bb css_animation=\u00bb\u00bb css=\u00bb.vc_custom_1667996311508{border-left-width: 2px !important;border-left-color: #0091c5 !important;}\u00bb][vc_column_inner offset=\u00bbvc_hidden-lg vc_hidden-md\u00bb]<div class=\"qode_video_box\">\n\t<a itemprop=\"image\" class=\"qode_video_image\" href=\"https:\/\/www.youtube.com\/watch?v=nJ9-xRjGmX8\" data-rel=\"prettyPhoto\">\n\t\t\t\n\t\t\t<img decoding=\"async\" src=\"https:\/\/maestrazgo.org\/esdi\/wp-content\/uploads\/2022\/11\/VIDEO.jpg\" \/>\n\t\t\t<span class=\"qode_video_box_button_holder\">\n\t\t\t\t<span class=\"qode_video_box_button\">\n\t\t\t\t\t<span class=\"qode_video_box_button_arrow\">\n\t\t\t\t\t<\/span>\n\t\t\t\t<\/span>\n\t\t\t<\/span>\n\t\t\t<\/a>\n<\/div>[vc_empty_space height=\u00bb35px\u00bb][vc_column_text]Conscientes de la necesidad de abordar la soluci\u00f3n a estos problemas de una manera distinta a partir de los recursos del territorio, desde ADEMA se plante\u00f3 la necesidad de crear un espacio que sirviera como lugar de encuentro de todas aquellas personas, agentes sociales y empresas del Maestrazgo con alguna idea, proyecto o iniciativa innovadora.[\/vc_column_text][\/vc_column_inner][\/vc_row_inner][vc_empty_space height=\u00bb100px\u00bb][\/vc_column][\/vc_row][vc_row css_animation=\u00bb\u00bb row_type=\u00bbrow\u00bb use_row_as_full_screen_section=\u00bbno\u00bb type=\u00bbgrid\u00bb angled_section=\u00bbno\u00bb text_align=\u00bbleft\u00bb background_image_as_pattern=\u00bbwithout_pattern\u00bb z_index=\u00bb\u00bb][vc_column offset=\u00bbvc_hidden-sm vc_hidden-xs\u00bb][vc_column_text]<\/p>\n<h2 style=\"text-align: center;\"><span style=\"color: #0091c5;\">L\u00edneas Estrat\u00e9gicas y Objetivos<\/span><\/h2>\n<p style=\"text-align: center;\">Nuestro proyecto persigue tres l\u00edneas estrat\u00e9gicas, acompa\u00f1ados de una serie de objetivos.<\/p>\n<p>[\/vc_column_text][vc_empty_space][qode_elements_holder number_of_columns=\u00bbone_column\u00bb switch_to_one_column=\u00bb600&#8243; custom_class=\u00bbborde-azul\u00bb][qode_elements_holder_item vertical_alignment=\u00bbtop\u00bb horizontal_alignment=\u00bbcenter\u00bb advanced_animations=\u00bbno\u00bb item_padding=\u00bb30PX\u00bb item_padding_600_768=\u00bb0&#8243; item_padding_480_600=\u00bb0&#8243; item_padding_480=\u00bb0&#8243;][vc_single_image image=\u00bb2164&#8243; img_size=\u00bb100&#215;100&#8243; alignment=\u00bbcenter\u00bb qode_css_animation=\u00bb\u00bb][vc_empty_space height=\u00bb15px\u00bb][vc_column_text]<\/p>\n<p style=\"text-align: center;\"><strong>1. Promover la innovaci\u00f3n social en el medio rural<\/strong><\/p>\n<p style=\"text-align: center;\"><strong>\u00b7<\/strong> Crear un espacio Living Lab, donde participen distintos actores en la cocreaci\u00f3n de nuevas ideas o proyectos.<br \/>\n<strong>\u00b7<\/strong> Actuar como interlocutor entre los emprendedores del territorio y distintos casos de \u00e9xito de otras regiones y territorios..<\/p>\n<p>[\/vc_column_text][vc_empty_space height=\u00bb25px\u00bb][\/qode_elements_holder_item][qode_elements_holder_item vertical_alignment=\u00bbtop\u00bb horizontal_alignment=\u00bbcenter\u00bb advanced_animations=\u00bbno\u00bb item_padding=\u00bb30px\u00bb background_color=\u00bbrgba(0,145,193,0.08)\u00bb][vc_single_image image=\u00bb2165&#8243; img_size=\u00bb100&#215;100&#8243; alignment=\u00bbcenter\u00bb qode_css_animation=\u00bb\u00bb][vc_empty_space height=\u00bb15px\u00bb][vc_column_text]<\/p>\n<p style=\"text-align: center;\"><strong>2. Fomentar la econom\u00eda circular, social y solidaria<\/strong><\/p>\n<p style=\"text-align: center;\"><strong>\u00b7<\/strong> Promoci\u00f3n del turismo rural sostenible.<br \/>\n<strong>\u00b7<\/strong> Promoci\u00f3n del desarrollo y custodia del territorio.<br \/>\n<strong>\u00b7<\/strong> Impulsar proyectos piloto que sirvan de inspiraci\u00f3n para la puesta en marcha de otros proyectos.<br \/>\n<strong>\u00b7<\/strong> Prestar servicio de asesoramiento a las empresas asociadas para lograr la especializaci\u00f3n y posicionamiento de sus productos.<\/p>\n<p>[\/vc_column_text][vc_empty_space height=\u00bb25px\u00bb][\/qode_elements_holder_item][qode_elements_holder_item vertical_alignment=\u00bbtop\u00bb horizontal_alignment=\u00bbcenter\u00bb advanced_animations=\u00bbno\u00bb item_padding=\u00bb30px\u00bb][vc_single_image image=\u00bb2485&#8243; img_size=\u00bb100&#215;100&#8243; alignment=\u00bbcenter\u00bb qode_css_animation=\u00bb\u00bb][vc_empty_space height=\u00bb15px\u00bb][vc_column_text]<\/p>\n<p style=\"text-align: center;\"><strong>3. Crear redes de emprendimiento<\/strong><\/p>\n<p style=\"text-align: center;\"><strong>\u00b7<\/strong> Promover la creaci\u00f3n de espacios colaborativos en el territorio.<br \/>\n<strong>\u00b7<\/strong> Fomentar la colaboraci\u00f3n con otros organismos y entidades p\u00fablicas y privadas encargados de la promoci\u00f3n del emprendimiento para aprovechar sinergias (Proyecto EREA, Red Arce&#8230;)<\/p>\n<p>[\/vc_column_text][vc_empty_space height=\u00bb25px\u00bb][\/qode_elements_holder_item][\/qode_elements_holder][vc_empty_space height=\u00bb100px\u00bb][\/vc_column][\/vc_row][vc_row css_animation=\u00bb\u00bb row_type=\u00bbrow\u00bb use_row_as_full_screen_section=\u00bbno\u00bb type=\u00bbgrid\u00bb angled_section=\u00bbno\u00bb text_align=\u00bbleft\u00bb background_image_as_pattern=\u00bbwithout_pattern\u00bb z_index=\u00bb\u00bb][vc_column offset=\u00bbvc_hidden-lg vc_hidden-md\u00bb][vc_row_inner row_type=\u00bbrow\u00bb type=\u00bbfull_width\u00bb text_align=\u00bbleft\u00bb css_animation=\u00bb\u00bb][vc_column_inner][vc_empty_space][vc_single_image image=\u00bb2164&#8243; img_size=\u00bb100&#215;100&#8243; alignment=\u00bbcenter\u00bb qode_css_animation=\u00bb\u00bb][vc_empty_space height=\u00bb15px\u00bb][vc_column_text]<\/p>\n<p style=\"text-align: center;\"><strong>1. Promover la innovaci\u00f3n social en el medio rural<\/strong><\/p>\n<p style=\"text-align: center;\"><strong>\u00b7<\/strong> Crear un espacio Living Lab, donde participen distintos actores en la cocreaci\u00f3n de nuevas ideas o proyectos.<br \/>\n<strong>\u00b7<\/strong> Actuar como interlocutor entre los emprendedores del territorio y distintos casos de \u00e9xito de otras regiones y territorios..<\/p>\n<p>[\/vc_column_text][vc_empty_space][\/vc_column_inner][\/vc_row_inner][vc_row_inner row_type=\u00bbrow\u00bb type=\u00bbfull_width\u00bb text_align=\u00bbleft\u00bb css_animation=\u00bb\u00bb css=\u00bb.vc_custom_1679916080269{background-color: #ebf6fa !important;}\u00bb][vc_column_inner][vc_empty_space][vc_single_image image=\u00bb2165&#8243; img_size=\u00bb100&#215;100&#8243; alignment=\u00bbcenter\u00bb qode_css_animation=\u00bb\u00bb][vc_empty_space height=\u00bb15px\u00bb][vc_column_text]<\/p>\n<p style=\"text-align: center;\"><strong>2. Fomentar la econom\u00eda circular, social y solidaria<\/strong><\/p>\n<p style=\"text-align: center;\"><strong>\u00b7<\/strong> Promoci\u00f3n del turismo rural sostenible.<br \/>\n<strong>\u00b7<\/strong> Promoci\u00f3n del desarrollo y custodia del territorio.<br \/>\n<strong>\u00b7<\/strong> Impulsar proyectos piloto que sirvan de inspiraci\u00f3n para la puesta en marcha de otros proyectos.<br \/>\n<strong>\u00b7<\/strong> Prestar servicio de asesoramiento a las empresas asociadas para lograr la especializaci\u00f3n y posicionamiento de sus productos.<\/p>\n<p>[\/vc_column_text][vc_empty_space][\/vc_column_inner][\/vc_row_inner][vc_row_inner row_type=\u00bbrow\u00bb type=\u00bbfull_width\u00bb text_align=\u00bbleft\u00bb css_animation=\u00bb\u00bb][vc_column_inner][vc_empty_space][vc_single_image image=\u00bb2485&#8243; img_size=\u00bb100&#215;100&#8243; alignment=\u00bbcenter\u00bb qode_css_animation=\u00bb\u00bb][vc_empty_space height=\u00bb15px\u00bb][vc_column_text]<\/p>\n<p style=\"text-align: center;\"><strong>3. Crear redes de emprendimiento<\/strong><\/p>\n<p style=\"text-align: center;\"><strong>\u00b7<\/strong> Promover la creaci\u00f3n de espacios colaborativos en el territorio.<br \/>\n<strong>\u00b7<\/strong> Fomentar la colaboraci\u00f3n con otros organismos y entidades p\u00fablicas y privadas encargados de la promoci\u00f3n del emprendimiento para aprovechar sinergias (Proyecto EREA, Red Arce&#8230;)<\/p>\n<p>[\/vc_column_text][vc_empty_space][\/vc_column_inner][\/vc_row_inner][\/vc_column][\/vc_row][vc_row css_animation=\u00bb\u00bb row_type=\u00bbrow\u00bb use_row_as_full_screen_section=\u00bbno\u00bb type=\u00bbgrid\u00bb angled_section=\u00bbno\u00bb text_align=\u00bbleft\u00bb background_image_as_pattern=\u00bbwithout_pattern\u00bb z_index=\u00bb\u00bb][vc_column][vc_row_inner row_type=\u00bbrow\u00bb type=\u00bbfull_width\u00bb text_align=\u00bbleft\u00bb css_animation=\u00bb\u00bb][vc_column_inner][vc_empty_space height=\u00bb150px\u00bb][\/vc_column_inner][\/vc_row_inner][\/vc_column][\/vc_row]<\/p>\n","protected":false},"excerpt":{"rendered":"<p>[vc_row css_animation=\u00bb\u00bb row_type=\u00bbrow\u00bb use_row_as_full_screen_section=\u00bbno\u00bb type=\u00bbgrid\u00bb angled_section=\u00bbno\u00bb text_align=\u00bbleft\u00bb background_image_as_pattern=\u00bbwithout_pattern\u00bb z_index=\u00bb\u00bb][vc_column][vc_empty_space height=\u00bb100px\u00bb][vc_row_inner row_type=\u00bbrow\u00bb type=\u00bbfull_width\u00bb text_align=\u00bbleft\u00bb css_animation=\u00bb\u00bb][vc_column_inner width=\u00bb1\/6&#8243;][\/vc_column_inner][vc_column_inner width=\u00bb2\/3&#8243;][\/vc_column_inner][vc_column_inner width=\u00bb1\/6&#8243;][\/vc_column_inner][\/vc_row_inner][vc_empty_space height=\u00bb50px\u00bb][vc_row_inner row_type=\u00bbrow\u00bb type=\u00bbfull_width\u00bb text_align=\u00bbleft\u00bb css_animation=\u00bb\u00bb css=\u00bb.vc_custom_1667996311508{border-left-width: 2px !important;border-left-color: #0091c5 !important;}\u00bb][vc_column_inner width=\u00bb2\/3&#8243; css=\u00bb.vc_custom_1679915298343{border-right-width: 2px !important;border-right-color: #0091c5 !important;border-right-style: solid !important;}\u00bb offset=\u00bbvc_hidden-sm vc_hidden-xs\u00bb][vc_empty_space height=\u00bb35px\u00bb][\/vc_column_inner][vc_column_inner width=\u00bb1\/3&#8243; css=\u00bb.vc_custom_1679915305383{padding-left: 50px !important;}\u00bb offset=\u00bbvc_hidden-sm vc_hidden-xs\u00bb][vc_empty_space height=\u00bb100px\u00bb][vc_column_text]Conscientes&#8230;<\/p>\n","protected":false},"author":1,"featured_media":0,"parent":2467,"menu_order":0,"comment_status":"closed","ping_status":"closed","template":"full_width.php","meta":{"footnotes":""},"class_list":["post-2154","page","type-page","status-publish","hentry"],"_links":{"self":[{"href":"https:\/\/maestrazgo.org\/esdi\/wp-json\/wp\/v2\/pages\/2154","targetHints":{"allow":["GET"]}}],"collection":[{"href":"https:\/\/maestrazgo.org\/esdi\/wp-json\/wp\/v2\/pages"}],"about":[{"href":"https:\/\/maestrazgo.org\/esdi\/wp-json\/wp\/v2\/types\/page"}],"author":[{"embeddable":true,"href":"https:\/\/maestrazgo.org\/esdi\/wp-json\/wp\/v2\/users\/1"}],"replies":[{"embeddable":true,"href":"https:\/\/maestrazgo.org\/esdi\/wp-json\/wp\/v2\/comments?post=2154"}],"version-history":[{"count":23,"href":"https:\/\/maestrazgo.org\/esdi\/wp-json\/wp\/v2\/pages\/2154\/revisions"}],"predecessor-version":[{"id":2704,"href":"https:\/\/maestrazgo.org\/esdi\/wp-json\/wp\/v2\/pages\/2154\/revisions\/2704"}],"up":[{"embeddable":true,"href":"https:\/\/maestrazgo.org\/esdi\/wp-json\/wp\/v2\/pages\/2467"}],"wp:attachment":[{"href":"https:\/\/maestrazgo.org\/esdi\/wp-json\/wp\/v2\/media?parent=2154"}],"curies":[{"name":"wp","href":"https:\/\/api.w.org\/{rel}","templated":true}]}}