{"id":9,"date":"2021-08-10T10:22:25","date_gmt":"2021-08-10T10:22:25","guid":{"rendered":"http:\/\/maestrazgo.org\/EuropeDirect\/?page_id=9"},"modified":"2022-07-25T09:17:15","modified_gmt":"2022-07-25T09:17:15","slug":"quienes-somos","status":"publish","type":"page","link":"https:\/\/maestrazgo.org\/EuropeDirect\/quienes-somos\/","title":{"rendered":"Qui\u00e9nes somos"},"content":{"rendered":"<p>[vc_row css_animation=\u00bb\u00bb row_type=\u00bbrow\u00bb use_row_as_full_screen_section=\u00bbno\u00bb type=\u00bbfull_width\u00bb angled_section=\u00bbno\u00bb text_align=\u00bbleft\u00bb background_image_as_pattern=\u00bbwithout_pattern\u00bb][vc_column][vc_row_inner row_type=\u00bbrow\u00bb type=\u00bbgrid\u00bb text_align=\u00bbleft\u00bb css_animation=\u00bb\u00bb][vc_column_inner][vc_separator type=\u00bbsmall\u00bb position=\u00bbcenter\u00bb color=\u00bb#004d9d\u00bb][vc_column_text]<\/p>\n<h4 style=\"color: #004d9d; text-align: justify;\">El EUROPE DIRECT MAESTRAZGO se dirige a todos los p\u00fablicos y entidades p\u00fablicas y privadas de Arag\u00f3n que buscan informaci\u00f3n sobre la Uni\u00f3n Europea o que trabajan en la dinamizaci\u00f3n socio-cultural del territorio aragon\u00e9s rural.<\/h4>\n<p>&nbsp;<\/p>\n<h4 style=\"color: #004d9d; text-align: justify;\">Europe Direct MAESTRAZGO es un centro de informaci\u00f3n financiado y avalado por la Comisi\u00f3n Europea para informar a la ciudadan\u00eda sobre la UE, sobre nuestros derechos y sobre las posibilidades de ejercer una ciudadan\u00eda participativa en los \u00e1mbitos local y regional.<\/h4>\n<p>&nbsp;<\/p>\n<h4 style=\"color: #004d9d; text-align: justify;\">El Centro Aragon\u00e9s de Informaci\u00f3n Rural Europea, entidad dependiente de la Asociaci\u00f3n para el Desarrollo del Maestrazgo (ADEMA), fue escogido como enlace de informaci\u00f3n y contin\u00faa su andadura al ser escogido en la convocatoria en curso 2021 -2025, perteneciendo a una red de 480 centros en toda Europa.<\/h4>\n<p>[\/vc_column_text][vc_empty_space][\/vc_column_inner][\/vc_row_inner][\/vc_column][\/vc_row][vc_row css_animation=\u00bb\u00bb row_type=\u00bbrow\u00bb use_row_as_full_screen_section=\u00bbno\u00bb type=\u00bbfull_width\u00bb angled_section=\u00bbno\u00bb text_align=\u00bbleft\u00bb background_image_as_pattern=\u00bbwithout_pattern\u00bb][vc_column offset=\u00bbvc_hidden-xs\u00bb][vc_row_inner row_type=\u00bbrow\u00bb type=\u00bbgrid\u00bb text_align=\u00bbleft\u00bb css_animation=\u00bb\u00bb][vc_column_inner][vc_single_image image=\u00bb832&#8243; img_size=\u00bbfull\u00bb qode_css_animation=\u00bb\u00bb][vc_empty_space][vc_separator type=\u00bbsmall\u00bb position=\u00bbcenter\u00bb color=\u00bb#004d9d\u00bb][\/vc_column_inner][\/vc_row_inner][\/vc_column][\/vc_row][vc_row css_animation=\u00bb\u00bb row_type=\u00bbrow\u00bb use_row_as_full_screen_section=\u00bbno\u00bb type=\u00bbfull_width\u00bb angled_section=\u00bbno\u00bb text_align=\u00bbleft\u00bb background_image_as_pattern=\u00bbwithout_pattern\u00bb z_index=\u00bb\u00bb][vc_column offset=\u00bbvc_hidden-lg vc_hidden-md vc_hidden-sm\u00bb][vc_single_image image=\u00bb832&#8243; img_size=\u00bbfull\u00bb qode_css_animation=\u00bb\u00bb][vc_separator type=\u00bbsmall\u00bb position=\u00bbcenter\u00bb color=\u00bb#004d9d\u00bb][vc_empty_space][\/vc_column][\/vc_row][vc_row css_animation=\u00bb\u00bb row_type=\u00bbrow\u00bb use_row_as_full_screen_section=\u00bbno\u00bb type=\u00bbfull_width\u00bb angled_section=\u00bbno\u00bb text_align=\u00bbleft\u00bb background_image_as_pattern=\u00bbwithout_pattern\u00bb][vc_column][vc_row_inner row_type=\u00bbrow\u00bb type=\u00bbgrid\u00bb text_align=\u00bbleft\u00bb css_animation=\u00bb\u00bb][vc_column_inner width=\u00bb1\/2&#8243;][vc_column_text]<\/p>\n<p style=\"text-align: justify;\">EUROPE DIRECT ha asignado a la Asociaci\u00f3n para el Desarrollo del Maestrazgo la misi\u00f3n de, en una red de \u00e1mbito europeo, <strong>dar a conocer la Uni\u00f3n Europea, fomentar el debate local y regional y ofrecer a la ciudadan\u00eda la posibilidad de transmitir sus opiniones, preguntas y sugerencias a las instituciones comunitarias.<\/strong><\/p>\n<p style=\"text-align: justify;\"><strong>EUROPE DIRECT es un servicio gratuito <\/strong>al servicio de la ciudadan\u00eda, las instituciones y las entidades sociales y empresariales aragonesas.<\/p>\n<p style=\"text-align: justify;\">El ED Maestrazgo est\u00e1 financiado por la Comisi\u00f3n Europea, por la Asociaci\u00f3n para el Desarrollo del Maestrazgo (ADEMA), por la Comarca del Maestrazgo y por otras entidades socio-culturales que dan su apoyo financiero y t\u00e9cnico para desarrollar las actividades que a lo largo de todo el a\u00f1o desarrolla el Europe Direct.<\/p>\n<p>[\/vc_column_text][\/vc_column_inner][vc_column_inner width=\u00bb1\/2&#8243;][vc_column_text]<\/p>\n<p style=\"text-align: justify;\">De acuerdo con el principio de descentralizaci\u00f3n, la Comisi\u00f3n Europea se sirve de una serie de enlaces en su pol\u00edtica de informaci\u00f3n. <strong>Los Centros de enlace e informaci\u00f3n son estructuras cercanas al p\u00fablico<\/strong>, creadas en organismos preexistentes y con experiencia. Informan a los ciudadanos acerca de la Uni\u00f3n y sus pol\u00edticas de una manera adaptada e informal. Cuyo objetivo es transmitir el proyecto europeo.<\/p>\n<p style=\"text-align: justify;\">La sede de ADEMA en Molinos cuenta desde 1.994 con uno de los centros pertenecientes a la red de informaci\u00f3n de la Uni\u00f3n Europea, denominado CAIRE (Centro Aragon\u00e9s de Informaci\u00f3n Rural Europea), respondiendo de esta manera a la necesidad de difundir en el medio rural las pol\u00edticas de \u00e1mbito comunitario, actualmente el nombre ha sido modificado a Europe Direct Maestrazgo, pero mantiene la misma esencia que el originario CAIRE.<\/p>\n<p>[\/vc_column_text][\/vc_column_inner][\/vc_row_inner][vc_empty_space][\/vc_column][\/vc_row]<\/p>\n","protected":false},"excerpt":{"rendered":"<p>[vc_row css_animation=\u00bb\u00bb row_type=\u00bbrow\u00bb use_row_as_full_screen_section=\u00bbno\u00bb type=\u00bbfull_width\u00bb angled_section=\u00bbno\u00bb text_align=\u00bbleft\u00bb background_image_as_pattern=\u00bbwithout_pattern\u00bb][vc_column][vc_row_inner row_type=\u00bbrow\u00bb type=\u00bbgrid\u00bb text_align=\u00bbleft\u00bb css_animation=\u00bb\u00bb][vc_column_inner][vc_separator type=\u00bbsmall\u00bb position=\u00bbcenter\u00bb color=\u00bb#004d9d\u00bb][vc_column_text] El EUROPE DIRECT MAESTRAZGO se dirige a todos los p\u00fablicos y entidades p\u00fablicas y privadas de Arag\u00f3n que buscan informaci\u00f3n sobre la Uni\u00f3n Europea o&#8230;<\/p>\n","protected":false},"author":2,"featured_media":0,"parent":0,"menu_order":0,"comment_status":"closed","ping_status":"closed","template":"full_width.php","meta":{"_acf_changed":false,"footnotes":""},"class_list":["post-9","page","type-page","status-publish","hentry"],"acf":[],"_links":{"self":[{"href":"https:\/\/maestrazgo.org\/EuropeDirect\/wp-json\/wp\/v2\/pages\/9","targetHints":{"allow":["GET"]}}],"collection":[{"href":"https:\/\/maestrazgo.org\/EuropeDirect\/wp-json\/wp\/v2\/pages"}],"about":[{"href":"https:\/\/maestrazgo.org\/EuropeDirect\/wp-json\/wp\/v2\/types\/page"}],"author":[{"embeddable":true,"href":"https:\/\/maestrazgo.org\/EuropeDirect\/wp-json\/wp\/v2\/users\/2"}],"replies":[{"embeddable":true,"href":"https:\/\/maestrazgo.org\/EuropeDirect\/wp-json\/wp\/v2\/comments?post=9"}],"version-history":[{"count":30,"href":"https:\/\/maestrazgo.org\/EuropeDirect\/wp-json\/wp\/v2\/pages\/9\/revisions"}],"predecessor-version":[{"id":1153,"href":"https:\/\/maestrazgo.org\/EuropeDirect\/wp-json\/wp\/v2\/pages\/9\/revisions\/1153"}],"wp:attachment":[{"href":"https:\/\/maestrazgo.org\/EuropeDirect\/wp-json\/wp\/v2\/media?parent=9"}],"curies":[{"name":"wp","href":"https:\/\/api.w.org\/{rel}","templated":true}]}}