{"id":369,"date":"2021-09-23T10:31:42","date_gmt":"2021-09-23T10:31:42","guid":{"rendered":"http:\/\/maestrazgo.org\/EuropeDirect\/?page_id=369"},"modified":"2022-07-14T12:47:43","modified_gmt":"2022-07-14T12:47:43","slug":"historia","status":"publish","type":"page","link":"https:\/\/maestrazgo.org\/EuropeDirect\/historia\/","title":{"rendered":"Historia"},"content":{"rendered":"<p>[vc_row css_animation=\u00bb\u00bb row_type=\u00bbrow\u00bb use_row_as_full_screen_section=\u00bbno\u00bb type=\u00bbfull_width\u00bb angled_section=\u00bbno\u00bb text_align=\u00bbleft\u00bb background_image_as_pattern=\u00bbwithout_pattern\u00bb css=\u00bb.vc_custom_1632394174818{background-color: #004d9d !important;}\u00bb z_index=\u00bb\u00bb][vc_column][vc_row_inner row_type=\u00bbrow\u00bb type=\u00bbgrid\u00bb text_align=\u00bbleft\u00bb css_animation=\u00bb\u00bb][vc_column_inner][vc_empty_space height=\u00bb15px\u00bb][vc_column_text]<\/p>\n<h4 style=\"color: #fff;\">La historia de Europe Direct Maestrazgo va \u00edntimamente ligada al inicio de la gesti\u00f3n de programas europeos en Arag\u00f3n, en especial el programa LEADER , una iniciativa comunitaria que comenz\u00f3 en 1991 por iniciativa del Ayuntamiento de Molinos y que se personaliz\u00f3 en la creaci\u00f3n del grupo de Acci\u00f3n Local CEDEMATE ( Centro para el desarrollo del Maestrazgo Turolense).<\/h4>\n<p>[\/vc_column_text][vc_empty_space][\/vc_column_inner][\/vc_row_inner][\/vc_column][\/vc_row][vc_row css_animation=\u00bb\u00bb row_type=\u00bbrow\u00bb use_row_as_full_screen_section=\u00bbno\u00bb type=\u00bbfull_width\u00bb angled_section=\u00bbno\u00bb text_align=\u00bbleft\u00bb background_image_as_pattern=\u00bbwithout_pattern\u00bb][vc_column offset=\u00bbvc_hidden-xs\u00bb][vc_row_inner row_type=\u00bbrow\u00bb type=\u00bbgrid\u00bb text_align=\u00bbleft\u00bb css_animation=\u00bb\u00bb css=\u00bb.vc_custom_1635943311214{margin-top: 10px !important;padding-bottom: 15px !important;}\u00bb][vc_column_inner][vc_empty_space][vc_single_image image=\u00bb884&#8243; img_size=\u00bbfull\u00bb qode_css_animation=\u00bb\u00bb][vc_empty_space height=\u00bb15px\u00bb][\/vc_column_inner][\/vc_row_inner][\/vc_column][\/vc_row][vc_row css_animation=\u00bb\u00bb row_type=\u00bbrow\u00bb use_row_as_full_screen_section=\u00bbno\u00bb type=\u00bbfull_width\u00bb angled_section=\u00bbno\u00bb text_align=\u00bbleft\u00bb background_image_as_pattern=\u00bbwithout_pattern\u00bb][vc_column offset=\u00bbvc_hidden-lg vc_hidden-md vc_hidden-sm\u00bb][vc_row_inner row_type=\u00bbrow\u00bb type=\u00bbfull_width\u00bb text_align=\u00bbleft\u00bb css_animation=\u00bb\u00bb css=\u00bb.vc_custom_1637317992245{margin-top: 10px !important;padding-bottom: 15px !important;}\u00bb][vc_column_inner][vc_empty_space][vc_single_image image=\u00bb884&#8243; img_size=\u00bbfull\u00bb qode_css_animation=\u00bb\u00bb][\/vc_column_inner][\/vc_row_inner][vc_empty_space][\/vc_column][\/vc_row][vc_row css_animation=\u00bb\u00bb row_type=\u00bbrow\u00bb use_row_as_full_screen_section=\u00bbno\u00bb type=\u00bbfull_width\u00bb angled_section=\u00bbno\u00bb text_align=\u00bbleft\u00bb background_image_as_pattern=\u00bbwithout_pattern\u00bb][vc_column][vc_row_inner row_type=\u00bbrow\u00bb type=\u00bbgrid\u00bb text_align=\u00bbleft\u00bb css_animation=\u00bb\u00bb][vc_column_inner][vc_column_text]<\/p>\n<p style=\"text-align: justify;\">El CEDEMATE fue el <strong>encargado de gestionar los primeros programas LEADER operativos en el territorio del Maestrazgo, <\/strong>manteniendo un car\u00e1cter europe\u00edsta y de trabajo en red m\u00e1s all\u00e1 de las ayudas p\u00fablicas al tejido social y econ\u00f3mico de territorio, anticip\u00e1ndose a muchos de los cambios de los que la sociedad rural iba a ser participe.<\/p>\n<p style=\"text-align: justify;\">Conscientes de la necesidad de superar el aislamiento hist\u00f3rico de la provincia y, en particular, del Maestrazgo, desde el CEDEMATE, se potenciaron peque\u00f1os proyectos vinculados a las nuevas tecnolog\u00edas y nuevas pol\u00edticas de comunicaci\u00f3n.<\/p>\n<p style=\"text-align: justify;\">Estos son algunos de los proyectos liderados:<\/p>\n<p>[\/vc_column_text][vc_empty_space][\/vc_column_inner][\/vc_row_inner][vc_row_inner row_type=\u00bbrow\u00bb type=\u00bbgrid\u00bb text_align=\u00bbleft\u00bb css_animation=\u00bb\u00bb][vc_column_inner width=\u00bb1\/4&#8243;][vc_column_text]<\/p>\n<ul>\n<li style=\"text-align: justify;\"><strong>Instalaci\u00f3n de 30 puntos de Videotex.\u00a0<\/strong>Lo que permiti\u00f3 que Ayuntamientos, asociaciones y empresas tuvieran acceso a informaci\u00f3n de diferentes sectores de actividad como el agroalimentario, el tur\u00edstico o el medio ambiental.<\/li>\n<\/ul>\n<p>[\/vc_column_text][\/vc_column_inner][vc_column_inner width=\u00bb1\/4&#8243;][vc_column_text]<\/p>\n<ul>\n<li style=\"text-align: justify;\"><strong>Proyecto LEADERNET<\/strong>. Bajo la coordinaci\u00f3n del grupo de desarrollo Navarro CEDERNA \u2013 GARALUR, el Maestrazgo particip\u00f3 en una red de informaci\u00f3n entre los distintos Grupos de Acci\u00f3n Local que gestionaban los LEADER.<\/li>\n<\/ul>\n<p>[\/vc_column_text][\/vc_column_inner][vc_column_inner width=\u00bb1\/4&#8243;][vc_column_text]<\/p>\n<ul>\n<li style=\"text-align: justify;\"><strong>Creaci\u00f3n del Bolet\u00edn INFO AGER.<\/strong> Con una tirada en papel de 3.500 n\u00fameros distribuidos en toda la geograf\u00eda aragonesa, la edici\u00f3n en papel continu\u00f3 hasta 1998, cuando fue sustituida por la comunicaci\u00f3n electr\u00f3nica, que en la actualidad sigue llegando a m\u00e1s de 3.800 suscriptores mensualmente.<\/li>\n<\/ul>\n<p>[\/vc_column_text][\/vc_column_inner][vc_column_inner width=\u00bb1\/4&#8243;][vc_column_text]<\/p>\n<ul>\n<li style=\"text-align: justify;\"><strong>X Encuentro de la Red Carrefour<\/strong> (Red de los Europe Direct). Este encuentro tuvo lugar en la sede de ADEMA en Molinos y sirvi\u00f3 para evidenciar la importancia que iban a tener los medios audiovisuales y las nuevas redes de informaci\u00f3n con el desarrollo de Internet.<\/li>\n<\/ul>\n<p>[\/vc_column_text][\/vc_column_inner][\/vc_row_inner][vc_empty_space][\/vc_column][\/vc_row][vc_row css_animation=\u00bb\u00bb row_type=\u00bbrow\u00bb use_row_as_full_screen_section=\u00bbno\u00bb type=\u00bbgrid\u00bb angled_section=\u00bbno\u00bb text_align=\u00bbleft\u00bb background_image_as_pattern=\u00bbwithout_pattern\u00bb z_index=\u00bb\u00bb][vc_column offset=\u00bbvc_hidden-xs\u00bb][qode_elements_holder number_of_columns=\u00bbtwo_columns\u00bb][qode_elements_holder_item vertical_alignment=\u00bbtop\u00bb advanced_animations=\u00bbno\u00bb item_padding=\u00bb20px 20px 20px 0px\u00bb][vc_single_image image=\u00bb912&#8243; img_size=\u00bb530&#215;740&#8243; qode_css_animation=\u00bb\u00bb][\/qode_elements_holder_item][qode_elements_holder_item vertical_alignment=\u00bbtop\u00bb advanced_animations=\u00bbno\u00bb item_padding=\u00bb20px 20px 20px 0px\u00bb][vc_separator type=\u00bbnormal\u00bb color=\u00bb#004d9d\u00bb][vc_column_text]<\/p>\n<p style=\"text-align: justify;\">En todo momento, desde el inicio de los proyectos de desarrollo en el territorio, el uso de las nuevas tecnolog\u00edas para poder dar informaci\u00f3n al ciudadano del medio rural ha sido siempre una herramienta de trabajo.<\/p>\n<p style=\"text-align: justify;\">Como ejemplo, en Mayo de 98, el proyecto DUENDE fue presentado como un proyecto ejemplar en un seminario del Observatorio Europeo Leader que tuvo lugar en Escocia. De igual modo, ya en clave local,. El bolet\u00edn informativo Buenos d\u00edas Maestrazgo se convirti\u00f3 en una perfecta s\u00edntesis de las principales noticias, proyectos y actividades referidas al desarrollo del Maestrazgo.<\/p>\n<p>[\/vc_column_text][vc_column_text]<\/p>\n<p style=\"text-align: justify;\">En este sentido, desde el centro de desarrollo del Maestrazgo se innov\u00f3 en el uso de nuevas tecnolog\u00edas y ya desde 1998 se comenz\u00f3 a difundir por correo electr\u00f3nicos enmarcados en el denominado proyecto Duente.<\/p>\n<p>[\/vc_column_text][vc_column_text]<\/p>\n<p style=\"text-align: justify;\">Participaci\u00f3n del Europe Direct Maestrazgo en representaci\u00f3n de todos los Europe Direct Europeos en la conferencia de Cork (Irlanda) e 1996, conferencia de debate sobre el futuro de las zonas rurales a nivel Europeo.<\/p>\n<p style=\"text-align: justify;\">Informaci\u00f3n Europea al servicio del ciudadano del medio rural.<\/p>\n<p>[\/vc_column_text][\/qode_elements_holder_item][\/qode_elements_holder][\/vc_column][\/vc_row][vc_row css_animation=\u00bb\u00bb row_type=\u00bbrow\u00bb use_row_as_full_screen_section=\u00bbno\u00bb type=\u00bbfull_width\u00bb angled_section=\u00bbno\u00bb text_align=\u00bbleft\u00bb background_image_as_pattern=\u00bbwithout_pattern\u00bb][vc_column][vc_empty_space][\/vc_column][\/vc_row][vc_row css_animation=\u00bb\u00bb row_type=\u00bbrow\u00bb use_row_as_full_screen_section=\u00bbno\u00bb type=\u00bbgrid\u00bb angled_section=\u00bbno\u00bb text_align=\u00bbleft\u00bb background_image_as_pattern=\u00bbwithout_pattern\u00bb z_index=\u00bb\u00bb][vc_column offset=\u00bbvc_hidden-xs\u00bb][vc_row_inner row_type=\u00bbrow\u00bb type=\u00bbfull_width\u00bb text_align=\u00bbleft\u00bb css_animation=\u00bb\u00bb][vc_column_inner width=\u00bb1\/2&#8243;][vc_column_text]<\/p>\n<p style=\"font-size: 40px; color: #004d9d; line-height: 45px;\">En la actualidad<\/p>\n<p>[\/vc_column_text][vc_separator type=\u00bbnormal\u00bb color=\u00bb#004d9d\u00bb][vc_column_text]<\/p>\n<p style=\"text-align: justify;\">Actualmente el Europe Direct Maestrazgo articula la informaci\u00f3n telem\u00e1tica sobre proyectos y actividades de la Uni\u00f3n Europea a trav\u00e9s de las redes sociales, la emisi\u00f3n de boletines electr\u00f3nicos especializados y con convenios de colaboraci\u00f3n con medios de comunicaci\u00f3n locales \u2013 Grupo de comunicaci\u00f3n La Comarca, Diario de Teruel- para difundir los valores europeos en la prensa escrita provincial.<\/p>\n<p style=\"text-align: justify;\">La actividad se adapta en trasmitir la informaci\u00f3n europea en el territorio adapt\u00e1ndose a las nuevos tiempos, formato on-line de eventos, peri\u00f3dicos digitales&#8230;etc, pero siempre siendo esa ventana europea desde el coraz\u00f3n del Maestrazgo, por la que el Maestrazgo mira a Bruselas y Bruselas mira al Maestrazgo.<\/p>\n<p>[\/vc_column_text][\/vc_column_inner][vc_column_inner width=\u00bb1\/2&#8243;][vc_single_image image=\u00bb903&#8243; img_size=\u00bb530&#215;470&#8243; qode_css_animation=\u00bb\u00bb][\/vc_column_inner][\/vc_row_inner][\/vc_column][\/vc_row][vc_row css_animation=\u00bb\u00bb row_type=\u00bbrow\u00bb use_row_as_full_screen_section=\u00bbno\u00bb type=\u00bbgrid\u00bb angled_section=\u00bbno\u00bb text_align=\u00bbleft\u00bb background_image_as_pattern=\u00bbwithout_pattern\u00bb z_index=\u00bb\u00bb][vc_column offset=\u00bbvc_hidden-lg vc_hidden-md vc_hidden-sm\u00bb][vc_row_inner row_type=\u00bbrow\u00bb type=\u00bbfull_width\u00bb text_align=\u00bbleft\u00bb css_animation=\u00bb\u00bb][vc_column_inner width=\u00bb1\/2&#8243;][vc_column_text]<\/p>\n<p style=\"font-size: 40px; color: #004d9d; line-height: 45px;\">En la actualidad<\/p>\n<p>[\/vc_column_text][vc_separator type=\u00bbnormal\u00bb color=\u00bb#004d9d\u00bb][vc_column_text]Actualmente el Europe Direct Maestrazgo articula la informaci\u00f3n telem\u00e1tica sobre proyectos y actividades de la Uni\u00f3n Europea a trav\u00e9s de las redes sociales, la emisi\u00f3n de boletines electr\u00f3nicos especializados y con convenios de colaboraci\u00f3n con medios de comunicaci\u00f3n locales \u2013 Grupo de comunicaci\u00f3n La Comarca, Diario de Teruel- para difundir los valores europeos en la prensa escrita provincial.<br \/>\nLa actividad se adapta en trasmitir la informaci\u00f3n europea en el territorio adapt\u00e1ndose a las nuevos tiempos, formato on-line de eventos, peri\u00f3dicos digitales&#8230;etc, pero siempre siendo esa ventana europea desde el coraz\u00f3n del Maestrazgo, por la que el Maestrazgo mira a Bruselas y Bruselas mira al Maestrazgo.[\/vc_column_text][\/vc_column_inner][vc_column_inner width=\u00bb1\/2&#8243;][vc_empty_space][vc_single_image image=\u00bb903&#8243; img_size=\u00bb530&#215;470&#8243; qode_css_animation=\u00bb\u00bb][\/vc_column_inner][\/vc_row_inner][\/vc_column][\/vc_row][vc_row css_animation=\u00bb\u00bb row_type=\u00bbrow\u00bb use_row_as_full_screen_section=\u00bbno\u00bb type=\u00bbfull_width\u00bb angled_section=\u00bbno\u00bb text_align=\u00bbleft\u00bb background_image_as_pattern=\u00bbwithout_pattern\u00bb][vc_column][vc_empty_space][\/vc_column][\/vc_row]<\/p>\n","protected":false},"excerpt":{"rendered":"<p>[vc_row css_animation=\u00bb\u00bb row_type=\u00bbrow\u00bb use_row_as_full_screen_section=\u00bbno\u00bb type=\u00bbfull_width\u00bb angled_section=\u00bbno\u00bb text_align=\u00bbleft\u00bb background_image_as_pattern=\u00bbwithout_pattern\u00bb css=\u00bb.vc_custom_1632394174818{background-color: #004d9d !important;}\u00bb z_index=\u00bb\u00bb][vc_column][vc_row_inner row_type=\u00bbrow\u00bb type=\u00bbgrid\u00bb text_align=\u00bbleft\u00bb css_animation=\u00bb\u00bb][vc_column_inner][vc_empty_space height=\u00bb15px\u00bb][vc_column_text] La historia de Europe Direct Maestrazgo va \u00edntimamente ligada al inicio de la gesti\u00f3n de programas europeos en Arag\u00f3n, en especial el programa&#8230;<\/p>\n","protected":false},"author":2,"featured_media":0,"parent":0,"menu_order":0,"comment_status":"closed","ping_status":"closed","template":"full_width.php","meta":{"_acf_changed":false,"footnotes":""},"class_list":["post-369","page","type-page","status-publish","hentry"],"acf":[],"_links":{"self":[{"href":"https:\/\/maestrazgo.org\/EuropeDirect\/wp-json\/wp\/v2\/pages\/369","targetHints":{"allow":["GET"]}}],"collection":[{"href":"https:\/\/maestrazgo.org\/EuropeDirect\/wp-json\/wp\/v2\/pages"}],"about":[{"href":"https:\/\/maestrazgo.org\/EuropeDirect\/wp-json\/wp\/v2\/types\/page"}],"author":[{"embeddable":true,"href":"https:\/\/maestrazgo.org\/EuropeDirect\/wp-json\/wp\/v2\/users\/2"}],"replies":[{"embeddable":true,"href":"https:\/\/maestrazgo.org\/EuropeDirect\/wp-json\/wp\/v2\/comments?post=369"}],"version-history":[{"count":100,"href":"https:\/\/maestrazgo.org\/EuropeDirect\/wp-json\/wp\/v2\/pages\/369\/revisions"}],"predecessor-version":[{"id":1143,"href":"https:\/\/maestrazgo.org\/EuropeDirect\/wp-json\/wp\/v2\/pages\/369\/revisions\/1143"}],"wp:attachment":[{"href":"https:\/\/maestrazgo.org\/EuropeDirect\/wp-json\/wp\/v2\/media?parent=369"}],"curies":[{"name":"wp","href":"https:\/\/api.w.org\/{rel}","templated":true}]}}