{"id":1635,"date":"2025-11-06T11:36:07","date_gmt":"2025-11-06T11:36:07","guid":{"rendered":"https:\/\/maestrazgo.org\/EuropeDirect\/?page_id=1635"},"modified":"2025-11-14T09:44:12","modified_gmt":"2025-11-14T09:44:12","slug":"jornada-internacional-sobre-prevencion-y-gestion-de-riesgos-naturales","status":"publish","type":"page","link":"https:\/\/maestrazgo.org\/EuropeDirect\/jornada-internacional-sobre-prevencion-y-gestion-de-riesgos-naturales\/","title":{"rendered":"Jornada Internacional sobre Prevenci\u00f3n y Gesti\u00f3n de Riesgos Naturales"},"content":{"rendered":"<p>[vc_row css_animation=\u00bb\u00bb row_type=\u00bbrow\u00bb use_row_as_full_screen_section=\u00bbno\u00bb type=\u00bbfull_width\u00bb angled_section=\u00bbno\u00bb text_align=\u00bbleft\u00bb background_image_as_pattern=\u00bbwithout_pattern\u00bb][vc_column][vc_column_text]<\/p>\n<h3 style=\"text-align: center;\">Hacia un planeta m\u00e1s seguro: desaf\u00edos globales en la reducci\u00f3n del riesgo\u00a0de\u00a0desastres<\/h3>\n<p>[\/vc_column_text][vc_empty_space][\/vc_column][\/vc_row][vc_row css_animation=\u00bb\u00bb row_type=\u00bbrow\u00bb use_row_as_full_screen_section=\u00bbno\u00bb type=\u00bbfull_width\u00bb angled_section=\u00bbno\u00bb text_align=\u00bbleft\u00bb background_image_as_pattern=\u00bbwithout_pattern\u00bb][vc_column width=\u00bb1\/6&#8243;][\/vc_column][vc_column width=\u00bb2\/3&#8243; el_class=\u00bbprograma\u00bb][qode_elements_holder number_of_columns=\u00bbthree_columns\u00bb][qode_elements_holder_item vertical_alignment=\u00bbtop\u00bb horizontal_alignment=\u00bbcenter\u00bb advanced_animations=\u00bbno\u00bb item_padding=\u00bb30px\u00bb custom_class=\u00bbborde-azul\u00bb][vc_single_image image=\u00bb1662&#8243; img_size=\u00bb80&#215;80&#8243; alignment=\u00bbcenter\u00bb qode_css_animation=\u00bb\u00bb][vc_empty_space height=\u00bb15px\u00bb][vc_column_text]<\/p>\n<p style=\"text-align: center;\"><span style=\"color: #4e765d;\"><strong>Fecha<\/strong><\/span><\/p>\n<p style=\"text-align: center;\">Jueves 20 de noviembre<\/p>\n<p>[\/vc_column_text][\/qode_elements_holder_item][qode_elements_holder_item vertical_alignment=\u00bbtop\u00bb horizontal_alignment=\u00bbcenter\u00bb advanced_animations=\u00bbno\u00bb item_padding=\u00bb30px\u00bb][vc_single_image image=\u00bb1663&#8243; img_size=\u00bb80&#215;80&#8243; alignment=\u00bbcenter\u00bb qode_css_animation=\u00bb\u00bb][vc_empty_space height=\u00bb15px\u00bb][vc_column_text]<\/p>\n<p style=\"text-align: center;\"><span style=\"color: #4e765d;\"><strong>Modalidad<\/strong><\/span><\/p>\n<p style=\"text-align: center;\">Jornada online con Zoom<\/p>\n<p>[\/vc_column_text][\/qode_elements_holder_item][qode_elements_holder_item vertical_alignment=\u00bbtop\u00bb horizontal_alignment=\u00bbcenter\u00bb advanced_animations=\u00bbno\u00bb item_padding=\u00bb30px\u00bb custom_class=\u00bbborde-azul\u00bb][vc_single_image image=\u00bb1665&#8243; img_size=\u00bb80&#215;80&#8243; alignment=\u00bbcenter\u00bb qode_css_animation=\u00bb\u00bb][vc_empty_space height=\u00bb15px\u00bb][vc_column_text]<\/p>\n<p style=\"text-align: center;\"><span style=\"color: #4e765d;\"><strong>Horario<\/strong><\/span><\/p>\n<p style=\"text-align: center;\">De 13:00h a 17:30h<\/p>\n<p>[\/vc_column_text][\/qode_elements_holder_item][qode_elements_holder_item vertical_alignment=\u00bbtop\u00bb horizontal_alignment=\u00bbcenter\u00bb advanced_animations=\u00bbno\u00bb item_padding=\u00bb30px\u00bb custom_class=\u00bbborde-azul\u00bb][vc_single_image image=\u00bb1664&#8243; img_size=\u00bb80&#215;80&#8243; alignment=\u00bbcenter\u00bb qode_css_animation=\u00bb\u00bb][vc_empty_space height=\u00bb15px\u00bb][vc_column_text]<\/p>\n<p style=\"text-align: center;\"><span style=\"color: #4e765d;\"><strong>Inscripci\u00f3n<\/strong><\/span><\/p>\n<p style=\"text-align: center;\"><a href=\"#formulario\">Accede al formulario<\/a><\/p>\n<p>[\/vc_column_text][\/qode_elements_holder_item][\/qode_elements_holder][\/vc_column][vc_column width=\u00bb1\/6&#8243;][\/vc_column][\/vc_row][vc_row css_animation=\u00bb\u00bb row_type=\u00bbrow\u00bb use_row_as_full_screen_section=\u00bbno\u00bb type=\u00bbgrid\u00bb angled_section=\u00bbno\u00bb text_align=\u00bbleft\u00bb background_image_as_pattern=\u00bbwithout_pattern\u00bb z_index=\u00bb\u00bb][vc_column offset=\u00bbvc_hidden-xs\u00bb][vc_empty_space height=\u00bb50px\u00bb][vc_row_inner row_type=\u00bbrow\u00bb type=\u00bbfull_width\u00bb text_align=\u00bbleft\u00bb css_animation=\u00bb\u00bb][vc_column_inner width=\u00bb1\/6&#8243;][\/vc_column_inner][vc_column_inner width=\u00bb2\/3&#8243; css=\u00bb.vc_custom_1762426542331{padding: 25px !important;border: 2px solid #4e765d !important;}\u00bb][vc_column_text]<\/p>\n<p style=\"font-size: 40px; color: #4e765d; line-height: 45px; text-align: center;\"><strong>Programa<\/strong><\/p>\n<p>[\/vc_column_text][vc_empty_space][vc_column_text el_class=\u00bbprograma\u00bb]<\/p>\n<p style=\"text-align: justify;\"><strong>13.00 h.<\/strong> Apertura de la Jornada: \u00c1ngel Hern\u00e1ndez Director Parque Cultural del Maestrazgo &#8211; Geoparque Mundial de la UNESCO<\/p>\n<p style=\"text-align: justify;\"><strong>13.10 h.<\/strong> Intervenci\u00f3n\u00a0 Dr. Artur Sa, Universidad de Alto Douro y Presidente de la Global Geopark Network \u201cGeoparques Mundiales de la UNESCO: forjando futuro desde los desaf\u00edos del Planeta\u201d.<\/p>\n<p style=\"text-align: justify;\"><strong>13.30 h.\u00a0<\/strong> Intervenci\u00f3n Dra. Olaya Garc\u00eda, Universidad de Las Palmas de Gran Canaria. Riesgos volcanicos a la vista, \u00bfcomo los Geoparques pueden ayudar en la gesti\u00f3n?<\/p>\n<p style=\"text-align: justify;\"><strong>14.15 h.<\/strong>\u00a0 Intervenci\u00f3n Comisi\u00f3n Europea, Direcci\u00f3n General Protecci\u00f3n Civil. \u201cMecanismo Europeo de Protecci\u00f3n Civil y Programa Europeo de Observaci\u00f3n de la Tierra COPERNICUS\u201d<\/p>\n<p>[\/vc_column_text][vc_empty_space height=\u00bb16px\u00bb][vc_text_separator title=\u00bb<b>15.00 h.<\/b> Pausa\u00bb border=\u00bbno\u00bb title_color=\u00bb#4e765d\u00bb el_class=\u00bbseparador\u00bb background_color=\u00bb#f7e3c2&#8243;][vc_empty_space height=\u00bb10px\u00bb][vc_column_text el_class=\u00bbprograma\u00bb]<\/p>\n<p style=\"text-align: justify;\"><strong>15.30 h.<\/strong> Intervenci\u00f3n Dr. Adriano Filgueiro, Universidad Santa Mar\u00eda de Rio Grande Do Soul \u00abCambio clim\u00e1tico y la multimensionalidad de los riesgos en los geoparques: contribuci\u00f3n a la construcci\u00f3n de un protocolo de afrontaci\u00f3n\u00bb.<\/p>\n<p style=\"text-align: justify;\"><strong>16.15 h.<\/strong> Intervenci\u00f3n Dra. Madeleine Renom, Directora del Instituto Uruguayo de Meteorolog\u00eda, sobre el fen\u00f3meno de las sequ\u00edas recurrentes.<\/p>\n<p style=\"text-align: justify;\"><strong>17.00 h.<\/strong> Conclusiones, Dr. Luis Mampel Laboira, Fundaci\u00f3n Din\u00f3polis \/ Director Cient\u00edfico Parque Cultural del Maestrazgo &#8211; Geoparque Mundial\u00a0de\u00a0la\u00a0UNESCO<\/p>\n<p style=\"text-align: justify;\"><strong>17.30\u00a0h.<\/strong>\u00a0Clausura<\/p>\n<p>[\/vc_column_text][\/vc_column_inner][vc_column_inner width=\u00bb1\/6&#8243;][\/vc_column_inner][\/vc_row_inner][vc_empty_space height=\u00bb50px\u00bb][\/vc_column][\/vc_row][vc_row css_animation=\u00bb\u00bb row_type=\u00bbrow\u00bb use_row_as_full_screen_section=\u00bbno\u00bb type=\u00bbfull_width\u00bb angled_section=\u00bbno\u00bb text_align=\u00bbleft\u00bb background_image_as_pattern=\u00bbwithout_pattern\u00bb css=\u00bb.vc_custom_1762430795705{background-color: #4e765d !important;}\u00bb z_index=\u00bb\u00bb el_id=\u00bbformulario\u00bb][vc_column][vc_empty_space height=\u00bb50px\u00bb][vc_row_inner row_type=\u00bbrow\u00bb type=\u00bbgrid\u00bb text_align=\u00bbleft\u00bb css_animation=\u00bb\u00bb el_class=\u00bbformulario\u00bb][vc_column_inner][vc_column_text]<\/p>\n<h2 style=\"color: #ffffff; text-transform: initial; text-align: center;\">Inscr\u00edbete<\/h2>\n<div class=\"frm_forms  with_frm_style frm_style_estilos-formidable\" id=\"frm_form_5_container\" >\n<form enctype=\"multipart\/form-data\" method=\"post\" class=\"frm-show-form \" id=\"form_contact-formcb478e4fee2\" >\n<div class=\"frm_form_fields \">\n<fieldset>\n<legend class=\"frm_screen_reader\">Jornada por Zoom 20nov<\/legend>\r\n\r\n<div class=\"frm_fields_container\">\n<input type=\"hidden\" name=\"frm_action\" value=\"create\" \/>\n<input type=\"hidden\" name=\"form_id\" value=\"5\" \/>\n<input type=\"hidden\" name=\"frm_hide_fields_5\" id=\"frm_hide_fields_5\" value=\"\" \/>\n<input type=\"hidden\" name=\"form_key\" value=\"contact-formcb478e4fee2\" \/>\n<input type=\"hidden\" name=\"item_meta[0]\" value=\"\" \/>\n<input type=\"hidden\" id=\"frm_submit_entry_5\" name=\"frm_submit_entry_5\" value=\"514e662417\" \/><input type=\"hidden\" name=\"_wp_http_referer\" value=\"\/EuropeDirect\/wp-json\/wp\/v2\/pages\/1635\" \/><div id=\"frm_field_16_container\" class=\"frm_form_field form-field  frm_top_container frm6 frm_first\">\r\n\t<label for=\"field_s2ov5\" id=\"field_s2ov5_label\" class=\"frm_primary_label\">Nombre y apellidos\r\n\t\t<span class=\"frm_required\" aria-hidden=\"true\"><\/span>\r\n\t<\/label>\r\n\t<input type=\"text\" id=\"field_s2ov5\" name=\"item_meta[16]\" value=\"\"  data-invmsg=\"Nombre y apellidos no es v\u00e1lido\" aria-invalid=\"false\"  \/>\r\n\t\r\n\t\r\n<\/div>\n<div id=\"frm_field_14_container\" class=\"frm_form_field form-field  frm_required_field frm_top_container frm6\">\r\n    <label for=\"field_ocfup1eacf6b32d52\" id=\"field_ocfup1eacf6b32d52_label\" class=\"frm_primary_label\">Email\r\n        <span class=\"frm_required\" aria-hidden=\"true\">*<\/span>\r\n    <\/label>\r\n    <input type=\"email\" id=\"field_ocfup1eacf6b32d52\" name=\"item_meta[14]\" value=\"\"  data-reqmsg=\"Este campo no puede estar en blanco.\" aria-required=\"true\" data-invmsg=\"Last no es v\u00e1lido\" aria-invalid=\"false\"  \/>\r\n    \r\n    \r\n<\/div>\n<div id=\"frm_field_19_container\" class=\"frm_form_field form-field  frm_required_field frm_top_container frm6 frm_first\">\r\n\t<label for=\"field_hrtie\" id=\"field_hrtie_label\" class=\"frm_primary_label\">Localidad\r\n\t\t<span class=\"frm_required\" aria-hidden=\"true\">*<\/span>\r\n\t<\/label>\r\n\t<input type=\"text\" id=\"field_hrtie\" name=\"item_meta[19]\" value=\"\"  data-reqmsg=\"Este campo no puede estar en blanco.\" aria-required=\"true\" data-invmsg=\"Localidad no es v\u00e1lido\" aria-invalid=\"false\"  \/>\r\n\t\r\n\t\r\n<\/div>\n<div id=\"frm_field_20_container\" class=\"frm_form_field form-field  frm_required_field frm_top_container frm6\">\r\n\t<label for=\"field_g5u37\" id=\"field_g5u37_label\" class=\"frm_primary_label\">Cargo laboral\r\n\t\t<span class=\"frm_required\" aria-hidden=\"true\">*<\/span>\r\n\t<\/label>\r\n\t<input type=\"text\" id=\"field_g5u37\" name=\"item_meta[20]\" value=\"\"  data-reqmsg=\"Este campo no puede estar en blanco.\" aria-required=\"true\" data-invmsg=\"Cargo laboral no es v\u00e1lido\" aria-invalid=\"false\"  \/>\r\n\t\r\n\t\r\n<\/div>\n<div id=\"frm_field_18_container\" class=\"frm_form_field form-field  frm_hidden_container frm6 frm_first vertical_radio\">\r\n\t<div  id=\"field_ypw8l_label\" class=\"frm_primary_label\">Pol\u00edtica de privacidad\r\n\t\t<span class=\"frm_required\" aria-hidden=\"true\"><\/span>\r\n\t<\/div>\r\n\t<div class=\"frm_opt_container\" aria-labelledby=\"field_ypw8l_label\" role=\"group\">\t\t<div class=\"frm_checkbox\" id=\"frm_checkbox_18-0\">\t\t\t<label  for=\"field_ypw8l-0\">\n\t\t\t<input type=\"checkbox\" name=\"item_meta[18][]\" id=\"field_ypw8l-0\" value=\"He le\u00eddo y acepto la pol\u00edtica de privacidad\"  data-invmsg=\"Pol\u00edtica de privacidad no es v\u00e1lido\"   \/> He le\u00eddo y acepto la pol\u00edtica de privacidad<\/label><\/div>\n<\/div>\r\n\t\r\n\t\r\n<\/div>\n<div id=\"frm_field_17_container\" class=\"frm_form_field form-field  frm_none_container frm6\">\r\n\t<label for=\"g-recaptcha-response\" id=\"field_6yc3g_label\" class=\"frm_primary_label\">Captcha\r\n\t\t<span class=\"frm_required\" aria-hidden=\"true\"><\/span>\r\n\t<\/label>\r\n\t<div  id=\"field_6yc3g\" class=\"frm-g-recaptcha\" data-sitekey=\"6LcF4TMeAAAAAFUVn_8-Kn-C6wlJjBsMTyO6jK9l\" data-size=\"normal\" data-theme=\"light\"><\/div>\r\n\t\r\n\t\r\n<\/div>\n<div id=\"frm_field_15_container\" class=\"frm_form_field form-field \">\r\n\t<div class=\"frm_submit\" style=\"text-align: center;\">\r\n\r\n<button class=\"frm_button_submit\" type=\"submit\"  >Enviar<\/button>\r\n\r\n<\/div>\r\n<\/div>\n\t<input type=\"hidden\" name=\"item_key\" value=\"\" \/>\n\t\t\t<div id=\"frm_field_28_container\">\n\t\t\t<label for=\"field_yn4in\" >\n\t\t\t\tSi eres humano, deja este campo en blanco.\t\t\t<\/label>\n\t\t\t<input  id=\"field_yn4in\" type=\"text\" class=\"frm_form_field form-field frm_verify\" name=\"item_meta[28]\" value=\"\"  \/>\n\t\t<\/div>\n\t\t<input name=\"frm_state\" type=\"hidden\" value=\"VoesSJuhf1W55F2WWN0mx4pGnPuNzo\/kmcyHrJLp0xU=\" \/><\/div>\n<\/fieldset>\n<\/div>\n\n<\/form>\n<\/div>\n[\/vc_column_text][\/vc_column_inner][\/vc_row_inner][vc_empty_space height=\u00bb50px\u00bb][\/vc_column][\/vc_row][vc_row css_animation=\u00bb\u00bb row_type=\u00bbrow\u00bb use_row_as_full_screen_section=\u00bbno\u00bb type=\u00bbgrid\u00bb angled_section=\u00bbno\u00bb text_align=\u00bbleft\u00bb background_image_as_pattern=\u00bbwithout_pattern\u00bb css=\u00bb.vc_custom_1762426027797{background-color: #f1ceb2 !important;}\u00bb z_index=\u00bb\u00bb][vc_column][vc_single_image image=\u00bb1648&#8243; img_size=\u00bbfull\u00bb alignment=\u00bbcenter\u00bb qode_css_animation=\u00bb\u00bb][\/vc_column][\/vc_row]<\/p>\n","protected":false},"excerpt":{"rendered":"<p>[vc_row css_animation=\u00bb\u00bb row_type=\u00bbrow\u00bb use_row_as_full_screen_section=\u00bbno\u00bb type=\u00bbfull_width\u00bb angled_section=\u00bbno\u00bb text_align=\u00bbleft\u00bb background_image_as_pattern=\u00bbwithout_pattern\u00bb][vc_column][vc_column_text] Hacia un planeta m\u00e1s seguro: desaf\u00edos globales en la reducci\u00f3n del riesgo\u00a0de\u00a0desastres [\/vc_column_text][vc_empty_space][\/vc_column][\/vc_row][vc_row css_animation=\u00bb\u00bb row_type=\u00bbrow\u00bb use_row_as_full_screen_section=\u00bbno\u00bb type=\u00bbfull_width\u00bb angled_section=\u00bbno\u00bb text_align=\u00bbleft\u00bb background_image_as_pattern=\u00bbwithout_pattern\u00bb][vc_column width=\u00bb1\/6&#8243;][\/vc_column][vc_column width=\u00bb2\/3&#8243; el_class=\u00bbprograma\u00bb][qode_elements_holder number_of_columns=\u00bbthree_columns\u00bb][qode_elements_holder_item vertical_alignment=\u00bbtop\u00bb horizontal_alignment=\u00bbcenter\u00bb advanced_animations=\u00bbno\u00bb item_padding=\u00bb30px\u00bb custom_class=\u00bbborde-azul\u00bb][vc_single_image image=\u00bb1662&#8243; img_size=\u00bb80&#215;80&#8243; alignment=\u00bbcenter\u00bb&#8230;<\/p>\n","protected":false},"author":1,"featured_media":0,"parent":0,"menu_order":0,"comment_status":"closed","ping_status":"closed","template":"full_width.php","meta":{"_acf_changed":false,"footnotes":""},"class_list":["post-1635","page","type-page","status-publish","hentry"],"acf":[],"_links":{"self":[{"href":"https:\/\/maestrazgo.org\/EuropeDirect\/wp-json\/wp\/v2\/pages\/1635","targetHints":{"allow":["GET"]}}],"collection":[{"href":"https:\/\/maestrazgo.org\/EuropeDirect\/wp-json\/wp\/v2\/pages"}],"about":[{"href":"https:\/\/maestrazgo.org\/EuropeDirect\/wp-json\/wp\/v2\/types\/page"}],"author":[{"embeddable":true,"href":"https:\/\/maestrazgo.org\/EuropeDirect\/wp-json\/wp\/v2\/users\/1"}],"replies":[{"embeddable":true,"href":"https:\/\/maestrazgo.org\/EuropeDirect\/wp-json\/wp\/v2\/comments?post=1635"}],"version-history":[{"count":34,"href":"https:\/\/maestrazgo.org\/EuropeDirect\/wp-json\/wp\/v2\/pages\/1635\/revisions"}],"predecessor-version":[{"id":1682,"href":"https:\/\/maestrazgo.org\/EuropeDirect\/wp-json\/wp\/v2\/pages\/1635\/revisions\/1682"}],"wp:attachment":[{"href":"https:\/\/maestrazgo.org\/EuropeDirect\/wp-json\/wp\/v2\/media?parent=1635"}],"curies":[{"name":"wp","href":"https:\/\/api.w.org\/{rel}","templated":true}]}}